{"id":36468,"date":"2025-11-25T23:32:26","date_gmt":"2025-11-25T22:32:26","guid":{"rendered":"https:\/\/www.hirtenberg-apotheke.at\/katalog\/produkt\/la-roche-posay-anthelios-xl-mattierende-gel-creme-lsf-50-50-ml\/"},"modified":"2025-11-25T23:32:47","modified_gmt":"2025-11-25T22:32:47","slug":"la-roche-posay-anthelios-xl-mattierende-gel-creme-lsf-50-50-ml","status":"publish","type":"product","link":"https:\/\/www.hirtenberg-apotheke.at\/katalog\/produkt\/la-roche-posay-anthelios-xl-mattierende-gel-creme-lsf-50-50-ml\/","title":{"rendered":"La Roche-Posay Anthelios XL mattierende Gel-Creme LSF 50+ 50 ml"},"content":{"rendered":"<p>La Roche-Posay Anthelios XL LSF 50 Creme ist als Sonnenschutz f\u00fcr trockene Haut und auch bei zu Neurodermitis neigender Haut geeignet. Die feuchtigkeitsspendende, samtige Textur l\u00e4sst sich leicht auftragen und verteilen und hinterl\u00e4sst keine wei\u00dfen Spuren auf der Haut. Zus\u00e4tzlich enth\u00e4lt die Sonnencreme noch hautberuhigendes Thermalwasser.<\/p>\n","protected":false},"excerpt":{"rendered":"<p>La Roche-Posay Anthelios XL LSF 50 Creme ist als Sonnenschutz f\u00fcr trockene Haut und auch bei zu Neurodermitis neigender Haut geeignet. Die feuchtigkeitsspendende, samtige Textur l\u00e4sst sich leicht auftragen und verteilen und hinterl\u00e4sst keine wei\u00dfen Spuren auf der Haut. Zus\u00e4tzlich enth\u00e4lt die Sonnencreme noch hautberuhigendes Thermalwasser.<\/p>\n","protected":false},"featured_media":36470,"template":"","meta":{"_acf_changed":false},"product_brand":[692],"product_cat":[317],"product_tag":[],"class_list":{"0":"post-36468","1":"product","2":"type-product","3":"status-publish","4":"has-post-thumbnail","6":"product_brand-la-roche-posay","7":"product_cat-l","8":"pa_packungsgroesse-50ml","10":"first","11":"instock","12":"shipping-taxable","13":"purchasable","14":"product-type-simple"},"acf":[],"_links":{"self":[{"href":"https:\/\/www.hirtenberg-apotheke.at\/katalog\/wp-json\/wp\/v2\/product\/36468","targetHints":{"allow":["GET"]}}],"collection":[{"href":"https:\/\/www.hirtenberg-apotheke.at\/katalog\/wp-json\/wp\/v2\/product"}],"about":[{"href":"https:\/\/www.hirtenberg-apotheke.at\/katalog\/wp-json\/wp\/v2\/types\/product"}],"wp:featuredmedia":[{"embeddable":true,"href":"https:\/\/www.hirtenberg-apotheke.at\/katalog\/wp-json\/wp\/v2\/media\/36470"}],"wp:attachment":[{"href":"https:\/\/www.hirtenberg-apotheke.at\/katalog\/wp-json\/wp\/v2\/media?parent=36468"}],"wp:term":[{"taxonomy":"product_brand","embeddable":true,"href":"https:\/\/www.hirtenberg-apotheke.at\/katalog\/wp-json\/wp\/v2\/product_brand?post=36468"},{"taxonomy":"product_cat","embeddable":true,"href":"https:\/\/www.hirtenberg-apotheke.at\/katalog\/wp-json\/wp\/v2\/product_cat?post=36468"},{"taxonomy":"product_tag","embeddable":true,"href":"https:\/\/www.hirtenberg-apotheke.at\/katalog\/wp-json\/wp\/v2\/product_tag?post=36468"}],"curies":[{"name":"wp","href":"https:\/\/api.w.org\/{rel}","templated":true}]}}