{"id":36605,"date":"2025-11-25T23:34:31","date_gmt":"2025-11-25T22:34:31","guid":{"rendered":"https:\/\/www.hirtenberg-apotheke.at\/katalog\/produkt\/la-roche-posay-anthelios-creme-lsf-30\/"},"modified":"2025-11-25T23:34:44","modified_gmt":"2025-11-25T22:34:44","slug":"la-roche-posay-anthelios-creme-lsf-30","status":"publish","type":"product","link":"https:\/\/www.hirtenberg-apotheke.at\/katalog\/produkt\/la-roche-posay-anthelios-creme-lsf-30\/","title":{"rendered":"La Roche-Posay Anthelios Creme LSF 30"},"content":{"rendered":"<p>La Roche-Posay Anthelios Ultra LSF 30 Creme eignet sich zur Anwendung bei sonnenempfindlicher Haut und bei normaler Sonneneinstrahlung. Die feuchtigkeitsspendende, samtige Textur l\u00e4sst sich leicht auftragen und verteilen und hinterl\u00e4sst keine wei\u00dfen Spuren auf der Haut. Zus\u00e4tzlich enth\u00e4lt die Sonnencreme noch hautberuhigendes Thermalwasser.<\/p>\n","protected":false},"excerpt":{"rendered":"<p>La Roche-Posay Anthelios Ultra LSF 30 Creme eignet sich zur Anwendung bei sonnenempfindlicher Haut und bei normaler Sonneneinstrahlung. Die feuchtigkeitsspendende, samtige Textur l\u00e4sst sich leicht auftragen und verteilen und hinterl\u00e4sst keine wei\u00dfen Spuren auf der Haut. Zus\u00e4tzlich enth\u00e4lt die Sonnencreme noch hautberuhigendes Thermalwasser.<\/p>\n","protected":false},"featured_media":0,"template":"","meta":{"_acf_changed":false},"product_brand":[692],"product_cat":[317],"product_tag":[],"class_list":{"0":"post-36605","1":"product","2":"type-product","3":"status-publish","5":"product_brand-la-roche-posay","6":"product_cat-l","7":"pa_packungsgroesse-50ml","9":"first","10":"instock","11":"shipping-taxable","12":"purchasable","13":"product-type-simple"},"acf":[],"_links":{"self":[{"href":"https:\/\/www.hirtenberg-apotheke.at\/katalog\/wp-json\/wp\/v2\/product\/36605","targetHints":{"allow":["GET"]}}],"collection":[{"href":"https:\/\/www.hirtenberg-apotheke.at\/katalog\/wp-json\/wp\/v2\/product"}],"about":[{"href":"https:\/\/www.hirtenberg-apotheke.at\/katalog\/wp-json\/wp\/v2\/types\/product"}],"wp:attachment":[{"href":"https:\/\/www.hirtenberg-apotheke.at\/katalog\/wp-json\/wp\/v2\/media?parent=36605"}],"wp:term":[{"taxonomy":"product_brand","embeddable":true,"href":"https:\/\/www.hirtenberg-apotheke.at\/katalog\/wp-json\/wp\/v2\/product_brand?post=36605"},{"taxonomy":"product_cat","embeddable":true,"href":"https:\/\/www.hirtenberg-apotheke.at\/katalog\/wp-json\/wp\/v2\/product_cat?post=36605"},{"taxonomy":"product_tag","embeddable":true,"href":"https:\/\/www.hirtenberg-apotheke.at\/katalog\/wp-json\/wp\/v2\/product_tag?post=36605"}],"curies":[{"name":"wp","href":"https:\/\/api.w.org\/{rel}","templated":true}]}}