{"id":36648,"date":"2025-11-25T23:35:11","date_gmt":"2025-11-25T22:35:11","guid":{"rendered":"https:\/\/www.hirtenberg-apotheke.at\/katalog\/produkt\/eucerin-photoaging-control-face-sun-cc-creme-getoent-lsf-50-mittel\/"},"modified":"2025-11-25T23:35:18","modified_gmt":"2025-11-25T22:35:18","slug":"eucerin-photoaging-control-face-sun-cc-creme-getoent-lsf-50-mittel","status":"publish","type":"product","link":"https:\/\/www.hirtenberg-apotheke.at\/katalog\/produkt\/eucerin-photoaging-control-face-sun-cc-creme-getoent-lsf-50-mittel\/","title":{"rendered":"Eucerin Photoaging Control Face Sun CC Creme get\u00f6nt LSF 50+ mittel"},"content":{"rendered":"<p>Eucerin Photoaging Control Face Sun CC Creme LSF 50+ mittel ist ein hochwirksamer Sonnenschutz mit Farbpigmenten, die der Haut einen gleichm\u00e4\u00dfigen Teint verleihen. Die leichte Textur ergibt einen langanhaltenden mattierenden Look. Die gute Hautvertr\u00e4glichkeit auch bei empfindlicher Haut wurde klinisch nachgewiesen.<\/p>\n","protected":false},"excerpt":{"rendered":"<p>Eucerin Photoaging Control Face Sun CC Creme LSF 50+ mittel ist ein hochwirksamer Sonnenschutz mit Farbpigmenten, die der Haut einen gleichm\u00e4\u00dfigen Teint verleihen. Die leichte Textur ergibt einen langanhaltenden mattierenden Look. Die gute Hautvertr\u00e4glichkeit auch bei empfindlicher Haut wurde klinisch nachgewiesen.<\/p>\n","protected":false},"featured_media":0,"template":"","meta":{"_acf_changed":false},"product_brand":[694],"product_cat":[307],"product_tag":[],"class_list":{"0":"post-36648","1":"product","2":"type-product","3":"status-publish","5":"product_brand-eucerin","6":"product_cat-e","7":"pa_packungsgroesse-50ml","9":"first","10":"instock","11":"shipping-taxable","12":"purchasable","13":"product-type-simple"},"acf":[],"_links":{"self":[{"href":"https:\/\/www.hirtenberg-apotheke.at\/katalog\/wp-json\/wp\/v2\/product\/36648","targetHints":{"allow":["GET"]}}],"collection":[{"href":"https:\/\/www.hirtenberg-apotheke.at\/katalog\/wp-json\/wp\/v2\/product"}],"about":[{"href":"https:\/\/www.hirtenberg-apotheke.at\/katalog\/wp-json\/wp\/v2\/types\/product"}],"wp:attachment":[{"href":"https:\/\/www.hirtenberg-apotheke.at\/katalog\/wp-json\/wp\/v2\/media?parent=36648"}],"wp:term":[{"taxonomy":"product_brand","embeddable":true,"href":"https:\/\/www.hirtenberg-apotheke.at\/katalog\/wp-json\/wp\/v2\/product_brand?post=36648"},{"taxonomy":"product_cat","embeddable":true,"href":"https:\/\/www.hirtenberg-apotheke.at\/katalog\/wp-json\/wp\/v2\/product_cat?post=36648"},{"taxonomy":"product_tag","embeddable":true,"href":"https:\/\/www.hirtenberg-apotheke.at\/katalog\/wp-json\/wp\/v2\/product_tag?post=36648"}],"curies":[{"name":"wp","href":"https:\/\/api.w.org\/{rel}","templated":true}]}}