{"id":36709,"date":"2025-11-25T23:36:11","date_gmt":"2025-11-25T22:36:11","guid":{"rendered":"https:\/\/www.hirtenberg-apotheke.at\/katalog\/produkt\/eucerin-sun-gel-creme-oil-control-lsf-30\/"},"modified":"2025-11-25T23:36:16","modified_gmt":"2025-11-25T22:36:16","slug":"eucerin-sun-gel-creme-oil-control-lsf-30","status":"publish","type":"product","link":"https:\/\/www.hirtenberg-apotheke.at\/katalog\/produkt\/eucerin-sun-gel-creme-oil-control-lsf-30\/","title":{"rendered":"Eucerin Sun Gel-Creme Oil Control LSF 30"},"content":{"rendered":"<p>Eucerin Oil Control Face Sun Gel-Creme LSF 30 ist mehr als ein UV-schutz. Sie pflegt und mattiert unreine, zu Akne neigende Haut. Die Advanced Spektral Technology kombiniert UVA\/UVB-Filter1 f\u00fcr hohen UV-Schutz und Licochalcone A zur Neutralisation freier Radikale, ausgel\u00f6st durch UV- und hochenergetisches sichtbares Licht. Die Sonnencreme enth\u00e4lt ebenso Glycyrrhetins\u00e4ure, welche die hauteigene DNA-Reparatur unterst\u00fctzt.<\/p>\n","protected":false},"excerpt":{"rendered":"<p>Eucerin Oil Control Face Sun Gel-Creme LSF 30 ist mehr als ein UV-schutz. Sie pflegt und mattiert unreine, zu Akne neigende Haut. Die Advanced Spektral Technology kombiniert UVA\/UVB-Filter1 f\u00fcr hohen UV-Schutz und Licochalcone A zur Neutralisation freier Radikale, ausgel\u00f6st durch UV- und hochenergetisches sichtbares Licht. Die Sonnencreme enth\u00e4lt ebenso Glycyrrhetins\u00e4ure, welche die hauteigene DNA-Reparatur unterst\u00fctzt.<\/p>\n","protected":false},"featured_media":0,"template":"","meta":{"_acf_changed":false},"product_brand":[694],"product_cat":[307],"product_tag":[],"class_list":{"0":"post-36709","1":"product","2":"type-product","3":"status-publish","5":"product_brand-eucerin","6":"product_cat-e","7":"pa_packungsgroesse-50ml","9":"first","10":"instock","11":"shipping-taxable","12":"purchasable","13":"product-type-simple"},"acf":[],"_links":{"self":[{"href":"https:\/\/www.hirtenberg-apotheke.at\/katalog\/wp-json\/wp\/v2\/product\/36709","targetHints":{"allow":["GET"]}}],"collection":[{"href":"https:\/\/www.hirtenberg-apotheke.at\/katalog\/wp-json\/wp\/v2\/product"}],"about":[{"href":"https:\/\/www.hirtenberg-apotheke.at\/katalog\/wp-json\/wp\/v2\/types\/product"}],"wp:attachment":[{"href":"https:\/\/www.hirtenberg-apotheke.at\/katalog\/wp-json\/wp\/v2\/media?parent=36709"}],"wp:term":[{"taxonomy":"product_brand","embeddable":true,"href":"https:\/\/www.hirtenberg-apotheke.at\/katalog\/wp-json\/wp\/v2\/product_brand?post=36709"},{"taxonomy":"product_cat","embeddable":true,"href":"https:\/\/www.hirtenberg-apotheke.at\/katalog\/wp-json\/wp\/v2\/product_cat?post=36709"},{"taxonomy":"product_tag","embeddable":true,"href":"https:\/\/www.hirtenberg-apotheke.at\/katalog\/wp-json\/wp\/v2\/product_tag?post=36709"}],"curies":[{"name":"wp","href":"https:\/\/api.w.org\/{rel}","templated":true}]}}