{"id":36760,"date":"2025-11-25T23:36:38","date_gmt":"2025-11-25T22:36:38","guid":{"rendered":"https:\/\/www.hirtenberg-apotheke.at\/katalog\/produkt\/vichy-ideal-soleil-sonnenfluid-lsf-30-dry-touch\/"},"modified":"2025-11-25T23:37:10","modified_gmt":"2025-11-25T22:37:10","slug":"vichy-ideal-soleil-sonnenfluid-lsf-30-dry-touch","status":"publish","type":"product","link":"https:\/\/www.hirtenberg-apotheke.at\/katalog\/produkt\/vichy-ideal-soleil-sonnenfluid-lsf-30-dry-touch\/","title":{"rendered":"Vichy IDEAL SOLEIL Sonnenfluid LSF 30 Dry Touch"},"content":{"rendered":"<p>VICHY Capital Soleil mattierendes Sonnen-Fluid f\u00fcr das Gesicht &#8211; Gesichtsfluid mit LSF 30 mit sofort mattierendem Effekt und ohne fettendem Film. Ideal f\u00fcr normale bis Mischhaut. Intensiv feuchtigkeitsspendend, mit Hyaluron. Hoher Sonnenschutz f\u00fcr jeden Sonnentag. Auch f\u00fcr empfindliche Haut geeignet.<\/p>\n","protected":false},"excerpt":{"rendered":"<p>VICHY Capital Soleil mattierendes Sonnen-Fluid f\u00fcr das Gesicht &#8211; Gesichtsfluid mit LSF 30 mit sofort mattierendem Effekt und ohne fettendem Film. Ideal f\u00fcr normale bis Mischhaut. Intensiv feuchtigkeitsspendend, mit Hyaluron. Hoher Sonnenschutz f\u00fcr jeden Sonnentag. Auch f\u00fcr empfindliche Haut geeignet.<\/p>\n","protected":false},"featured_media":0,"template":"","meta":{"_acf_changed":false},"product_brand":[691],"product_cat":[300],"product_tag":[],"class_list":{"0":"post-36760","1":"product","2":"type-product","3":"status-publish","5":"product_brand-vichy","6":"product_cat-v","7":"pa_packungsgroesse-50ml","9":"first","10":"instock","11":"shipping-taxable","12":"purchasable","13":"product-type-simple"},"acf":[],"_links":{"self":[{"href":"https:\/\/www.hirtenberg-apotheke.at\/katalog\/wp-json\/wp\/v2\/product\/36760","targetHints":{"allow":["GET"]}}],"collection":[{"href":"https:\/\/www.hirtenberg-apotheke.at\/katalog\/wp-json\/wp\/v2\/product"}],"about":[{"href":"https:\/\/www.hirtenberg-apotheke.at\/katalog\/wp-json\/wp\/v2\/types\/product"}],"wp:attachment":[{"href":"https:\/\/www.hirtenberg-apotheke.at\/katalog\/wp-json\/wp\/v2\/media?parent=36760"}],"wp:term":[{"taxonomy":"product_brand","embeddable":true,"href":"https:\/\/www.hirtenberg-apotheke.at\/katalog\/wp-json\/wp\/v2\/product_brand?post=36760"},{"taxonomy":"product_cat","embeddable":true,"href":"https:\/\/www.hirtenberg-apotheke.at\/katalog\/wp-json\/wp\/v2\/product_cat?post=36760"},{"taxonomy":"product_tag","embeddable":true,"href":"https:\/\/www.hirtenberg-apotheke.at\/katalog\/wp-json\/wp\/v2\/product_tag?post=36760"}],"curies":[{"name":"wp","href":"https:\/\/api.w.org\/{rel}","templated":true}]}}