{"id":36775,"date":"2025-11-25T23:37:09","date_gmt":"2025-11-25T22:37:09","guid":{"rendered":"https:\/\/www.hirtenberg-apotheke.at\/katalog\/produkt\/avene-sonne-sonnencreme-lsf-30-ungetoent\/"},"modified":"2025-11-25T23:37:27","modified_gmt":"2025-11-25T22:37:27","slug":"avene-sonne-sonnencreme-lsf-30-ungetoent","status":"publish","type":"product","link":"https:\/\/www.hirtenberg-apotheke.at\/katalog\/produkt\/avene-sonne-sonnencreme-lsf-30-ungetoent\/","title":{"rendered":"Avene SONNE Sonnencreme LSF 30 unget\u00f6nt"},"content":{"rendered":"<p>Av\u00e8ne Eau Thermale Sonnencreme 30 ist ideal als Sonnenschutz f\u00fcr trockene Gesichtshaut. Die Creme ist wasser- und schwei\u00dfbest\u00e4ndig und bietet einen sicheren UVA-und UVB-Schutz. F\u00fcr trockene, empfindlicher Haut bei starker Sonneneinstrahlung.<\/p>\n","protected":false},"excerpt":{"rendered":"<p>Av\u00e8ne Eau Thermale Sonnencreme 30 ist ideal als Sonnenschutz f\u00fcr trockene Gesichtshaut. Die Creme ist wasser- und schwei\u00dfbest\u00e4ndig und bietet einen sicheren UVA-und UVB-Schutz. F\u00fcr trockene, empfindlicher Haut bei starker Sonneneinstrahlung.<\/p>\n","protected":false},"featured_media":36777,"template":"","meta":{"_acf_changed":false},"product_brand":[698],"product_cat":[299],"product_tag":[],"class_list":{"0":"post-36775","1":"product","2":"type-product","3":"status-publish","4":"has-post-thumbnail","6":"product_brand-avene","7":"product_cat-a","8":"pa_packungsgroesse-50ml","10":"first","11":"instock","12":"shipping-taxable","13":"purchasable","14":"product-type-simple"},"acf":[],"_links":{"self":[{"href":"https:\/\/www.hirtenberg-apotheke.at\/katalog\/wp-json\/wp\/v2\/product\/36775","targetHints":{"allow":["GET"]}}],"collection":[{"href":"https:\/\/www.hirtenberg-apotheke.at\/katalog\/wp-json\/wp\/v2\/product"}],"about":[{"href":"https:\/\/www.hirtenberg-apotheke.at\/katalog\/wp-json\/wp\/v2\/types\/product"}],"wp:featuredmedia":[{"embeddable":true,"href":"https:\/\/www.hirtenberg-apotheke.at\/katalog\/wp-json\/wp\/v2\/media\/36777"}],"wp:attachment":[{"href":"https:\/\/www.hirtenberg-apotheke.at\/katalog\/wp-json\/wp\/v2\/media?parent=36775"}],"wp:term":[{"taxonomy":"product_brand","embeddable":true,"href":"https:\/\/www.hirtenberg-apotheke.at\/katalog\/wp-json\/wp\/v2\/product_brand?post=36775"},{"taxonomy":"product_cat","embeddable":true,"href":"https:\/\/www.hirtenberg-apotheke.at\/katalog\/wp-json\/wp\/v2\/product_cat?post=36775"},{"taxonomy":"product_tag","embeddable":true,"href":"https:\/\/www.hirtenberg-apotheke.at\/katalog\/wp-json\/wp\/v2\/product_tag?post=36775"}],"curies":[{"name":"wp","href":"https:\/\/api.w.org\/{rel}","templated":true}]}}