{"id":36801,"date":"2025-11-25T23:37:40","date_gmt":"2025-11-25T22:37:40","guid":{"rendered":"https:\/\/www.hirtenberg-apotheke.at\/katalog\/produkt\/heliocare-360-sonnen-gel-oil-free-50-ml\/"},"modified":"2025-11-25T23:37:53","modified_gmt":"2025-11-25T22:37:53","slug":"heliocare-360-sonnen-gel-oil-free-50-ml","status":"publish","type":"product","link":"https:\/\/www.hirtenberg-apotheke.at\/katalog\/produkt\/heliocare-360-sonnen-gel-oil-free-50-ml\/","title":{"rendered":"Heliocare 360 Sonnen Gel Oil-free 50 ml"},"content":{"rendered":"<p>Heliocare Sonnen 360 Gel Oil-free 50 ml bietet einen hohen Photoimmunschutz f\u00fcr \u00f6lige, fettige oder zu Akne neigender Haut. Die innovative \u00f6lfreie Gel-Formulierung zieht schnell ein und hinterl\u00e4sst ein angenehm leichtes Gef\u00fchl auf der Haut<\/p>\n","protected":false},"excerpt":{"rendered":"<p>Heliocare Sonnen 360 Gel Oil-free 50 ml bietet einen hohen Photoimmunschutz f\u00fcr \u00f6lige, fettige oder zu Akne neigender Haut. Die innovative \u00f6lfreie Gel-Formulierung zieht schnell ein und hinterl\u00e4sst ein angenehm leichtes Gef\u00fchl auf der Haut<\/p>\n","protected":false},"featured_media":0,"template":"","meta":{"_acf_changed":false},"product_brand":[1016],"product_cat":[330],"product_tag":[],"class_list":{"0":"post-36801","1":"product","2":"type-product","3":"status-publish","5":"product_brand-heliocare","6":"product_cat-h","7":"pa_packungsgroesse-50ml","9":"first","10":"instock","11":"shipping-taxable","12":"purchasable","13":"product-type-simple"},"acf":[],"_links":{"self":[{"href":"https:\/\/www.hirtenberg-apotheke.at\/katalog\/wp-json\/wp\/v2\/product\/36801","targetHints":{"allow":["GET"]}}],"collection":[{"href":"https:\/\/www.hirtenberg-apotheke.at\/katalog\/wp-json\/wp\/v2\/product"}],"about":[{"href":"https:\/\/www.hirtenberg-apotheke.at\/katalog\/wp-json\/wp\/v2\/types\/product"}],"wp:attachment":[{"href":"https:\/\/www.hirtenberg-apotheke.at\/katalog\/wp-json\/wp\/v2\/media?parent=36801"}],"wp:term":[{"taxonomy":"product_brand","embeddable":true,"href":"https:\/\/www.hirtenberg-apotheke.at\/katalog\/wp-json\/wp\/v2\/product_brand?post=36801"},{"taxonomy":"product_cat","embeddable":true,"href":"https:\/\/www.hirtenberg-apotheke.at\/katalog\/wp-json\/wp\/v2\/product_cat?post=36801"},{"taxonomy":"product_tag","embeddable":true,"href":"https:\/\/www.hirtenberg-apotheke.at\/katalog\/wp-json\/wp\/v2\/product_tag?post=36801"}],"curies":[{"name":"wp","href":"https:\/\/api.w.org\/{rel}","templated":true}]}}