{"id":37021,"date":"2025-11-25T23:40:50","date_gmt":"2025-11-25T22:40:50","guid":{"rendered":"https:\/\/www.hirtenberg-apotheke.at\/katalog\/produkt\/kraeuterkonzentrat-350-ml\/"},"modified":"2025-11-25T23:41:15","modified_gmt":"2025-11-25T22:41:15","slug":"kraeuterkonzentrat-350-ml","status":"publish","type":"product","link":"https:\/\/www.hirtenberg-apotheke.at\/katalog\/produkt\/kraeuterkonzentrat-350-ml\/","title":{"rendered":"Kr\u00e4uterkonzentrat 350 ml"},"content":{"rendered":"<p>Das Kr\u00e4uterkonzentrat 350ml dient der Unterst\u00fctzung der Entgiftungsorgane. Dieses Kr\u00e4uter-Konzentrat ist frei von chemischen Konservierungsstoffen, frei von Zucker, S\u00fc\u00dfstoffen, Aromen und enth\u00e4lt keinen Alkohol. Die perfekte Synergie der aktiven pflanzlichen Inhaltsstoffe dieser klassischen Kr\u00e4uterkombination unterst\u00fctzt sanft alle Entgiftungs- und Reduktionskuren &#038;gt &#038;gt  durch GRATIS Lieferung* bares Geld sparen!<\/p>\n","protected":false},"excerpt":{"rendered":"<p>Das Kr\u00e4uterkonzentrat 350ml dient der Unterst\u00fctzung der Entgiftungsorgane. Dieses Kr\u00e4uter-Konzentrat ist frei von chemischen Konservierungsstoffen, frei von Zucker, S\u00fc\u00dfstoffen, Aromen und enth\u00e4lt keinen Alkohol. Die perfekte Synergie der aktiven pflanzlichen Inhaltsstoffe dieser klassischen Kr\u00e4uterkombination unterst\u00fctzt sanft alle Entgiftungs- und Reduktionskuren &#038;gt &#038;gt durch GRATIS Lieferung* bares Geld sparen!<\/p>\n","protected":false},"featured_media":37023,"template":"","meta":{"_acf_changed":false},"product_brand":[],"product_cat":[387],"product_tag":[],"class_list":{"0":"post-37021","1":"product","2":"type-product","3":"status-publish","4":"has-post-thumbnail","6":"product_cat-k","7":"pa_packungsgroesse-350ml","9":"first","10":"instock","11":"shipping-taxable","12":"purchasable","13":"product-type-simple"},"acf":[],"_links":{"self":[{"href":"https:\/\/www.hirtenberg-apotheke.at\/katalog\/wp-json\/wp\/v2\/product\/37021","targetHints":{"allow":["GET"]}}],"collection":[{"href":"https:\/\/www.hirtenberg-apotheke.at\/katalog\/wp-json\/wp\/v2\/product"}],"about":[{"href":"https:\/\/www.hirtenberg-apotheke.at\/katalog\/wp-json\/wp\/v2\/types\/product"}],"wp:featuredmedia":[{"embeddable":true,"href":"https:\/\/www.hirtenberg-apotheke.at\/katalog\/wp-json\/wp\/v2\/media\/37023"}],"wp:attachment":[{"href":"https:\/\/www.hirtenberg-apotheke.at\/katalog\/wp-json\/wp\/v2\/media?parent=37021"}],"wp:term":[{"taxonomy":"product_brand","embeddable":true,"href":"https:\/\/www.hirtenberg-apotheke.at\/katalog\/wp-json\/wp\/v2\/product_brand?post=37021"},{"taxonomy":"product_cat","embeddable":true,"href":"https:\/\/www.hirtenberg-apotheke.at\/katalog\/wp-json\/wp\/v2\/product_cat?post=37021"},{"taxonomy":"product_tag","embeddable":true,"href":"https:\/\/www.hirtenberg-apotheke.at\/katalog\/wp-json\/wp\/v2\/product_tag?post=37021"}],"curies":[{"name":"wp","href":"https:\/\/api.w.org\/{rel}","templated":true}]}}