{"id":37211,"date":"2025-11-25T23:44:00","date_gmt":"2025-11-25T22:44:00","guid":{"rendered":"https:\/\/www.hirtenberg-apotheke.at\/katalog\/produkt\/dr-kottas-magen-darmtee-20-stk\/"},"modified":"2025-11-25T23:44:07","modified_gmt":"2025-11-25T22:44:07","slug":"dr-kottas-magen-darmtee-20-stk","status":"publish","type":"product","link":"https:\/\/www.hirtenberg-apotheke.at\/katalog\/produkt\/dr-kottas-magen-darmtee-20-stk\/","title":{"rendered":"Dr. Kottas Magen-Darmtee 20 Stk."},"content":{"rendered":"<p>Dr. Kottas Magen-Darmtee ist ein Arzneitee mit den Wirkstoffen Kamillenbl\u00fcten, K\u00e4sepappelbl\u00e4tter, Tausendguldenkraut, Pfefferminzbl\u00e4tter und Kalmuswurzelstock. Das traditionelle pflanzliche Arzneimittel eignet sich zur Anwendung bei milden Beschwerden im Magen-Darmbereich, die mit leichten Kr\u00e4mpfen, Bl\u00e4hungen und V\u00f6llegef\u00fchl einhergehen.<\/p>\n","protected":false},"excerpt":{"rendered":"<p>Dr. Kottas Magen-Darmtee ist ein Arzneitee mit den Wirkstoffen Kamillenbl\u00fcten, K\u00e4sepappelbl\u00e4tter, Tausendguldenkraut, Pfefferminzbl\u00e4tter und Kalmuswurzelstock. Das traditionelle pflanzliche Arzneimittel eignet sich zur Anwendung bei milden Beschwerden im Magen-Darmbereich, die mit leichten Kr\u00e4mpfen, Bl\u00e4hungen und V\u00f6llegef\u00fchl einhergehen.<\/p>\n","protected":false},"featured_media":0,"template":"","meta":{"_acf_changed":false},"product_brand":[853],"product_cat":[295],"product_tag":[],"class_list":{"0":"post-37211","1":"product","2":"type-product","3":"status-publish","5":"product_brand-dr-kottas","6":"product_cat-d","7":"pa_packungsgroesse-20-beutel","9":"first","10":"instock","11":"shipping-taxable","12":"purchasable","13":"product-type-simple"},"acf":[],"_links":{"self":[{"href":"https:\/\/www.hirtenberg-apotheke.at\/katalog\/wp-json\/wp\/v2\/product\/37211","targetHints":{"allow":["GET"]}}],"collection":[{"href":"https:\/\/www.hirtenberg-apotheke.at\/katalog\/wp-json\/wp\/v2\/product"}],"about":[{"href":"https:\/\/www.hirtenberg-apotheke.at\/katalog\/wp-json\/wp\/v2\/types\/product"}],"wp:attachment":[{"href":"https:\/\/www.hirtenberg-apotheke.at\/katalog\/wp-json\/wp\/v2\/media?parent=37211"}],"wp:term":[{"taxonomy":"product_brand","embeddable":true,"href":"https:\/\/www.hirtenberg-apotheke.at\/katalog\/wp-json\/wp\/v2\/product_brand?post=37211"},{"taxonomy":"product_cat","embeddable":true,"href":"https:\/\/www.hirtenberg-apotheke.at\/katalog\/wp-json\/wp\/v2\/product_cat?post=37211"},{"taxonomy":"product_tag","embeddable":true,"href":"https:\/\/www.hirtenberg-apotheke.at\/katalog\/wp-json\/wp\/v2\/product_tag?post=37211"}],"curies":[{"name":"wp","href":"https:\/\/api.w.org\/{rel}","templated":true}]}}