{"id":37349,"date":"2025-11-25T23:47:10","date_gmt":"2025-11-25T22:47:10","guid":{"rendered":"https:\/\/www.hirtenberg-apotheke.at\/katalog\/produkt\/sidroga-magen-darm-verdauungstee-20-btl\/"},"modified":"2025-11-25T23:47:42","modified_gmt":"2025-11-25T22:47:42","slug":"sidroga-magen-darm-verdauungstee-20-btl","status":"publish","type":"product","link":"https:\/\/www.hirtenberg-apotheke.at\/katalog\/produkt\/sidroga-magen-darm-verdauungstee-20-btl\/","title":{"rendered":"Sidroga Magen-Darm Verdauungstee 20 Btl."},"content":{"rendered":"<p>Sidroga Magen-Darm Verdauungstee ist ein traditionelles pflanzliches Arzneimittel zur Anwendung bei Magen-Darm- und Verdauungsbeschwerden wie V\u00f6llegef\u00fchl, Aufsto\u00dfen und Bl\u00e4hungen. Der Tee enth\u00e4lt die Kr\u00e4uter Kalmuswurzelstock, Schafgarbenkraut und Tausendg\u00fcldenkraut, sowie die Inhaltsstoffe von Melissenbl\u00e4ttern und Kamillenbl\u00fcten. Diese wirken verdauungsf\u00f6rdernd, beruhigend und krampfl\u00f6send..<\/p>\n","protected":false},"excerpt":{"rendered":"<p>Sidroga Magen-Darm Verdauungstee ist ein traditionelles pflanzliches Arzneimittel zur Anwendung bei Magen-Darm- und Verdauungsbeschwerden wie V\u00f6llegef\u00fchl, Aufsto\u00dfen und Bl\u00e4hungen. Der Tee enth\u00e4lt die Kr\u00e4uter Kalmuswurzelstock, Schafgarbenkraut und Tausendg\u00fcldenkraut, sowie die Inhaltsstoffe von Melissenbl\u00e4ttern und Kamillenbl\u00fcten. Diese wirken verdauungsf\u00f6rdernd, beruhigend und krampfl\u00f6send..<\/p>\n","protected":false},"featured_media":0,"template":"","meta":{"_acf_changed":false},"product_brand":[1030],"product_cat":[303],"product_tag":[],"class_list":{"0":"post-37349","1":"product","2":"type-product","3":"status-publish","5":"product_brand-sidroga","6":"product_cat-s","7":"pa_packungsgroesse-20-beutel","9":"first","10":"instock","11":"shipping-taxable","12":"purchasable","13":"product-type-simple"},"acf":[],"_links":{"self":[{"href":"https:\/\/www.hirtenberg-apotheke.at\/katalog\/wp-json\/wp\/v2\/product\/37349","targetHints":{"allow":["GET"]}}],"collection":[{"href":"https:\/\/www.hirtenberg-apotheke.at\/katalog\/wp-json\/wp\/v2\/product"}],"about":[{"href":"https:\/\/www.hirtenberg-apotheke.at\/katalog\/wp-json\/wp\/v2\/types\/product"}],"wp:attachment":[{"href":"https:\/\/www.hirtenberg-apotheke.at\/katalog\/wp-json\/wp\/v2\/media?parent=37349"}],"wp:term":[{"taxonomy":"product_brand","embeddable":true,"href":"https:\/\/www.hirtenberg-apotheke.at\/katalog\/wp-json\/wp\/v2\/product_brand?post=37349"},{"taxonomy":"product_cat","embeddable":true,"href":"https:\/\/www.hirtenberg-apotheke.at\/katalog\/wp-json\/wp\/v2\/product_cat?post=37349"},{"taxonomy":"product_tag","embeddable":true,"href":"https:\/\/www.hirtenberg-apotheke.at\/katalog\/wp-json\/wp\/v2\/product_tag?post=37349"}],"curies":[{"name":"wp","href":"https:\/\/api.w.org\/{rel}","templated":true}]}}