{"id":37472,"date":"2025-11-25T23:49:32","date_gmt":"2025-11-25T22:49:32","guid":{"rendered":"https:\/\/www.hirtenberg-apotheke.at\/katalog\/produkt\/sonnentor-gruentee-zitronengras-18-btl-bio\/"},"modified":"2025-11-25T23:50:34","modified_gmt":"2025-11-25T22:50:34","slug":"sonnentor-gruentee-zitronengras-18-btl-bio","status":"publish","type":"product","link":"https:\/\/www.hirtenberg-apotheke.at\/katalog\/produkt\/sonnentor-gruentee-zitronengras-18-btl-bio\/","title":{"rendered":"Sonnentor Gr\u00fcntee Zitronengras 18 Btl. BIO"},"content":{"rendered":"<p>Der Sonnentor Gr\u00fcntee Zitronengras in Beutelform (18 Stk.) ist bei allen Asia-Fans besonders beliebt. Die herben Chinesischen Gr\u00fcnteebl\u00e4tter, vereint mit erfrischendem Lemongras schmecken hervorragend zu Sushi &#038; Maki und allen anderen Gerichten der asiatischen K\u00fcche<\/p>\n","protected":false},"excerpt":{"rendered":"<p>Der Sonnentor Gr\u00fcntee Zitronengras in Beutelform (18 Stk.) ist bei allen Asia-Fans besonders beliebt. Die herben Chinesischen Gr\u00fcnteebl\u00e4tter, vereint mit erfrischendem Lemongras schmecken hervorragend zu Sushi &#038; Maki und allen anderen Gerichten der asiatischen K\u00fcche<\/p>\n","protected":false},"featured_media":37474,"template":"","meta":{"_acf_changed":false},"product_brand":[917],"product_cat":[303],"product_tag":[],"class_list":{"0":"post-37472","1":"product","2":"type-product","3":"status-publish","4":"has-post-thumbnail","6":"product_brand-sonnentor","7":"product_cat-s","8":"pa_packungsgroesse-18-beutel","10":"first","11":"instock","12":"shipping-taxable","13":"purchasable","14":"product-type-simple"},"acf":[],"_links":{"self":[{"href":"https:\/\/www.hirtenberg-apotheke.at\/katalog\/wp-json\/wp\/v2\/product\/37472","targetHints":{"allow":["GET"]}}],"collection":[{"href":"https:\/\/www.hirtenberg-apotheke.at\/katalog\/wp-json\/wp\/v2\/product"}],"about":[{"href":"https:\/\/www.hirtenberg-apotheke.at\/katalog\/wp-json\/wp\/v2\/types\/product"}],"wp:featuredmedia":[{"embeddable":true,"href":"https:\/\/www.hirtenberg-apotheke.at\/katalog\/wp-json\/wp\/v2\/media\/37474"}],"wp:attachment":[{"href":"https:\/\/www.hirtenberg-apotheke.at\/katalog\/wp-json\/wp\/v2\/media?parent=37472"}],"wp:term":[{"taxonomy":"product_brand","embeddable":true,"href":"https:\/\/www.hirtenberg-apotheke.at\/katalog\/wp-json\/wp\/v2\/product_brand?post=37472"},{"taxonomy":"product_cat","embeddable":true,"href":"https:\/\/www.hirtenberg-apotheke.at\/katalog\/wp-json\/wp\/v2\/product_cat?post=37472"},{"taxonomy":"product_tag","embeddable":true,"href":"https:\/\/www.hirtenberg-apotheke.at\/katalog\/wp-json\/wp\/v2\/product_tag?post=37472"}],"curies":[{"name":"wp","href":"https:\/\/api.w.org\/{rel}","templated":true}]}}