{"id":37662,"date":"2025-11-25T23:53:57","date_gmt":"2025-11-25T22:53:57","guid":{"rendered":"https:\/\/www.hirtenberg-apotheke.at\/katalog\/produkt\/sanostol-multi-vitamine-saft-2\/"},"modified":"2025-11-25T23:54:23","modified_gmt":"2025-11-25T22:54:23","slug":"sanostol-multi-vitamine-saft-2","status":"publish","type":"product","link":"https:\/\/www.hirtenberg-apotheke.at\/katalog\/produkt\/sanostol-multi-vitamine-saft-2\/","title":{"rendered":"Sanostol Multi-Vitamine Saft"},"content":{"rendered":"<p>Sanostol Multivitamin Saft enth\u00e4lt 9 Vitamine und schmeckt besonders gut. Die Ern\u00e4hrung kann durch die t\u00e4gliche Einnahme gezielt und auf leckere Art erg\u00e4nzen.<\/p>\n","protected":false},"excerpt":{"rendered":"<p>Sanostol Multivitamin Saft enth\u00e4lt 9 Vitamine und schmeckt besonders gut. Die Ern\u00e4hrung kann durch die t\u00e4gliche Einnahme gezielt und auf leckere Art erg\u00e4nzen.<\/p>\n","protected":false},"featured_media":0,"template":"","meta":{"_acf_changed":false},"product_brand":[1037],"product_cat":[303],"product_tag":[],"class_list":{"0":"post-37662","1":"product","2":"type-product","3":"status-publish","5":"product_brand-sanostol","6":"product_cat-s","7":"pa_geschmack-orange","8":"pa_packungsgroesse-230ml","10":"first","11":"instock","12":"shipping-taxable","13":"purchasable","14":"product-type-simple"},"acf":[],"_links":{"self":[{"href":"https:\/\/www.hirtenberg-apotheke.at\/katalog\/wp-json\/wp\/v2\/product\/37662","targetHints":{"allow":["GET"]}}],"collection":[{"href":"https:\/\/www.hirtenberg-apotheke.at\/katalog\/wp-json\/wp\/v2\/product"}],"about":[{"href":"https:\/\/www.hirtenberg-apotheke.at\/katalog\/wp-json\/wp\/v2\/types\/product"}],"wp:attachment":[{"href":"https:\/\/www.hirtenberg-apotheke.at\/katalog\/wp-json\/wp\/v2\/media?parent=37662"}],"wp:term":[{"taxonomy":"product_brand","embeddable":true,"href":"https:\/\/www.hirtenberg-apotheke.at\/katalog\/wp-json\/wp\/v2\/product_brand?post=37662"},{"taxonomy":"product_cat","embeddable":true,"href":"https:\/\/www.hirtenberg-apotheke.at\/katalog\/wp-json\/wp\/v2\/product_cat?post=37662"},{"taxonomy":"product_tag","embeddable":true,"href":"https:\/\/www.hirtenberg-apotheke.at\/katalog\/wp-json\/wp\/v2\/product_tag?post=37662"}],"curies":[{"name":"wp","href":"https:\/\/api.w.org\/{rel}","templated":true}]}}