{"id":37812,"date":"2025-11-25T23:56:47","date_gmt":"2025-11-25T22:56:47","guid":{"rendered":"https:\/\/www.hirtenberg-apotheke.at\/katalog\/produkt\/pure-encapsulations-pure-365-anti-stress-kapseln\/"},"modified":"2025-11-25T23:57:39","modified_gmt":"2025-11-25T22:57:39","slug":"pure-encapsulations-pure-365-anti-stress-kapseln","status":"publish","type":"product","link":"https:\/\/www.hirtenberg-apotheke.at\/katalog\/produkt\/pure-encapsulations-pure-365-anti-stress-kapseln\/","title":{"rendered":"Pure Encapsulations Pure 365 Anti-Stress Kapseln"},"content":{"rendered":"<p>Psychischer Stress bedeutet Belastung f\u00fcr K\u00f6rper und Geist \u2013 ein erh\u00f6hter Mikron\u00e4hrstoffbedarf kann die Folge sein. Die Vitamine B1, B6 sowie Biotin tragen zu einer normalen psychischen Funktion bei. Anti-Stress ist eine gezielte Mikron\u00e4hrstoff-Kombination zur Aufrechterhaltung der mentalen Leistungsf\u00e4higkeit und Funktion der Nerven. Laufen K\u00f6rper und Geist auf Hochtouren, ist es durch Vitamine und Mineralstoffe m\u00f6glich, die mentale Performance zu unterst\u00fctzen. Pantothens\u00e4ure tr\u00e4gt zu einer normalen geistigen Leistung bei. Ausgew\u00e4hlte N\u00e4hrstoffe wie Zink und Vitamin C leisten einen Beitrag zum Schutz der Zellen vor oxidativem Stress..<\/p>\n","protected":false},"excerpt":{"rendered":"<p>Psychischer Stress bedeutet Belastung f\u00fcr K\u00f6rper und Geist \u2013 ein erh\u00f6hter Mikron\u00e4hrstoffbedarf kann die Folge sein. Die Vitamine B1, B6 sowie Biotin tragen zu einer normalen psychischen Funktion bei. Anti-Stress ist eine gezielte Mikron\u00e4hrstoff-Kombination zur Aufrechterhaltung der mentalen Leistungsf\u00e4higkeit und Funktion der Nerven. Laufen K\u00f6rper und Geist auf Hochtouren, ist es durch Vitamine und Mineralstoffe [&hellip;]<\/p>\n","protected":false},"featured_media":37814,"template":"","meta":{"_acf_changed":false},"product_brand":[1033],"product_cat":[302],"product_tag":[],"class_list":{"0":"post-37812","1":"product","2":"type-product","3":"status-publish","4":"has-post-thumbnail","6":"product_brand-pure-encapsulations","7":"product_cat-p","8":"pa_packungsgroesse-60-stueck","10":"first","11":"instock","12":"shipping-taxable","13":"purchasable","14":"product-type-simple"},"acf":[],"_links":{"self":[{"href":"https:\/\/www.hirtenberg-apotheke.at\/katalog\/wp-json\/wp\/v2\/product\/37812","targetHints":{"allow":["GET"]}}],"collection":[{"href":"https:\/\/www.hirtenberg-apotheke.at\/katalog\/wp-json\/wp\/v2\/product"}],"about":[{"href":"https:\/\/www.hirtenberg-apotheke.at\/katalog\/wp-json\/wp\/v2\/types\/product"}],"wp:featuredmedia":[{"embeddable":true,"href":"https:\/\/www.hirtenberg-apotheke.at\/katalog\/wp-json\/wp\/v2\/media\/37814"}],"wp:attachment":[{"href":"https:\/\/www.hirtenberg-apotheke.at\/katalog\/wp-json\/wp\/v2\/media?parent=37812"}],"wp:term":[{"taxonomy":"product_brand","embeddable":true,"href":"https:\/\/www.hirtenberg-apotheke.at\/katalog\/wp-json\/wp\/v2\/product_brand?post=37812"},{"taxonomy":"product_cat","embeddable":true,"href":"https:\/\/www.hirtenberg-apotheke.at\/katalog\/wp-json\/wp\/v2\/product_cat?post=37812"},{"taxonomy":"product_tag","embeddable":true,"href":"https:\/\/www.hirtenberg-apotheke.at\/katalog\/wp-json\/wp\/v2\/product_tag?post=37812"}],"curies":[{"name":"wp","href":"https:\/\/api.w.org\/{rel}","templated":true}]}}