{"id":37839,"date":"2025-11-25T23:57:44","date_gmt":"2025-11-25T22:57:44","guid":{"rendered":"https:\/\/www.hirtenberg-apotheke.at\/katalog\/produkt\/nicapur-lecithin-b-komplex-kapseln-60-stk\/"},"modified":"2025-11-25T23:58:20","modified_gmt":"2025-11-25T22:58:20","slug":"nicapur-lecithin-b-komplex-kapseln-60-stk","status":"publish","type":"product","link":"https:\/\/www.hirtenberg-apotheke.at\/katalog\/produkt\/nicapur-lecithin-b-komplex-kapseln-60-stk\/","title":{"rendered":"Nicapur Lecithin B-Komplex Kapseln 60 Stk."},"content":{"rendered":"<p>Lecithin &#038; B-Komplex ist eine die Nervenst\u00e4rke unterst\u00fctzende Kombination, die den K\u00f6rper mit allen acht Vitaminen des B-Komplexes in erh\u00f6hter Konzentration versorgt. Lecithin aus der Sonnenblume rundet diese ausgew\u00e4hlte, sojafreie Rezeptur ab. Die wasserl\u00f6slichen Vitamine B1, B2, B6, B12, Niacin und Biotin unterst\u00fctzen den Energiehaushalt und den gesunden Nervenstoffwechsel \u2013 sie sind Balsam f\u00fcr die Nerven! Die drei B-Vitamine Fols\u00e4ure, Vitamin B6 und B12 tragen zur normalen psychischen Funktion bei..<\/p>\n","protected":false},"excerpt":{"rendered":"<p>Lecithin &#038; B-Komplex ist eine die Nervenst\u00e4rke unterst\u00fctzende Kombination, die den K\u00f6rper mit allen acht Vitaminen des B-Komplexes in erh\u00f6hter Konzentration versorgt. Lecithin aus der Sonnenblume rundet diese ausgew\u00e4hlte, sojafreie Rezeptur ab. Die wasserl\u00f6slichen Vitamine B1, B2, B6, B12, Niacin und Biotin unterst\u00fctzen den Energiehaushalt und den gesunden Nervenstoffwechsel \u2013 sie sind Balsam f\u00fcr die [&hellip;]<\/p>\n","protected":false},"featured_media":37841,"template":"","meta":{"_acf_changed":false},"product_brand":[309],"product_cat":[310],"product_tag":[],"class_list":{"0":"post-37839","1":"product","2":"type-product","3":"status-publish","4":"has-post-thumbnail","6":"product_brand-nicapur","7":"product_cat-n","8":"pa_packungsgroesse-60-stueck","10":"first","11":"instock","12":"shipping-taxable","13":"purchasable","14":"product-type-simple"},"acf":[],"_links":{"self":[{"href":"https:\/\/www.hirtenberg-apotheke.at\/katalog\/wp-json\/wp\/v2\/product\/37839","targetHints":{"allow":["GET"]}}],"collection":[{"href":"https:\/\/www.hirtenberg-apotheke.at\/katalog\/wp-json\/wp\/v2\/product"}],"about":[{"href":"https:\/\/www.hirtenberg-apotheke.at\/katalog\/wp-json\/wp\/v2\/types\/product"}],"wp:featuredmedia":[{"embeddable":true,"href":"https:\/\/www.hirtenberg-apotheke.at\/katalog\/wp-json\/wp\/v2\/media\/37841"}],"wp:attachment":[{"href":"https:\/\/www.hirtenberg-apotheke.at\/katalog\/wp-json\/wp\/v2\/media?parent=37839"}],"wp:term":[{"taxonomy":"product_brand","embeddable":true,"href":"https:\/\/www.hirtenberg-apotheke.at\/katalog\/wp-json\/wp\/v2\/product_brand?post=37839"},{"taxonomy":"product_cat","embeddable":true,"href":"https:\/\/www.hirtenberg-apotheke.at\/katalog\/wp-json\/wp\/v2\/product_cat?post=37839"},{"taxonomy":"product_tag","embeddable":true,"href":"https:\/\/www.hirtenberg-apotheke.at\/katalog\/wp-json\/wp\/v2\/product_tag?post=37839"}],"curies":[{"name":"wp","href":"https:\/\/api.w.org\/{rel}","templated":true}]}}