{"id":37949,"date":"2025-11-26T07:08:44","date_gmt":"2025-11-26T06:08:44","guid":{"rendered":"https:\/\/www.hirtenberg-apotheke.at\/katalog\/produkt\/pure-encapsulations-kapseln-magnesium-energy-60-stk\/"},"modified":"2025-11-26T07:09:08","modified_gmt":"2025-11-26T06:09:08","slug":"pure-encapsulations-kapseln-magnesium-energy-60-stk","status":"publish","type":"product","link":"https:\/\/www.hirtenberg-apotheke.at\/katalog\/produkt\/pure-encapsulations-kapseln-magnesium-energy-60-stk\/","title":{"rendered":"Pure Encapsulations Kapseln Magnesium Energy 60 Stk."},"content":{"rendered":"<p>Magnesium Energy von Pure Encapsulations versorgt den K\u00f6rper mit den Mikron\u00e4hrstoffen, die f\u00fcr das Training oder einen erfolgreichen Wettkampf ben\u00f6tigt werden. Denn gerade im Sport und bei hoher Muskelaktivit\u00e4t steigt der Bedarf an essenziellen N\u00e4hrstoffen. .<\/p>\n","protected":false},"excerpt":{"rendered":"<p>Magnesium Energy von Pure Encapsulations versorgt den K\u00f6rper mit den Mikron\u00e4hrstoffen, die f\u00fcr das Training oder einen erfolgreichen Wettkampf ben\u00f6tigt werden. Denn gerade im Sport und bei hoher Muskelaktivit\u00e4t steigt der Bedarf an essenziellen N\u00e4hrstoffen. .<\/p>\n","protected":false},"featured_media":37951,"template":"","meta":{"_acf_changed":false},"product_brand":[1033],"product_cat":[302],"product_tag":[],"class_list":{"0":"post-37949","1":"product","2":"type-product","3":"status-publish","4":"has-post-thumbnail","6":"product_brand-pure-encapsulations","7":"product_cat-p","8":"pa_packungsgroesse-60-stueck","10":"first","11":"instock","12":"shipping-taxable","13":"purchasable","14":"product-type-simple"},"acf":[],"_links":{"self":[{"href":"https:\/\/www.hirtenberg-apotheke.at\/katalog\/wp-json\/wp\/v2\/product\/37949","targetHints":{"allow":["GET"]}}],"collection":[{"href":"https:\/\/www.hirtenberg-apotheke.at\/katalog\/wp-json\/wp\/v2\/product"}],"about":[{"href":"https:\/\/www.hirtenberg-apotheke.at\/katalog\/wp-json\/wp\/v2\/types\/product"}],"wp:featuredmedia":[{"embeddable":true,"href":"https:\/\/www.hirtenberg-apotheke.at\/katalog\/wp-json\/wp\/v2\/media\/37951"}],"wp:attachment":[{"href":"https:\/\/www.hirtenberg-apotheke.at\/katalog\/wp-json\/wp\/v2\/media?parent=37949"}],"wp:term":[{"taxonomy":"product_brand","embeddable":true,"href":"https:\/\/www.hirtenberg-apotheke.at\/katalog\/wp-json\/wp\/v2\/product_brand?post=37949"},{"taxonomy":"product_cat","embeddable":true,"href":"https:\/\/www.hirtenberg-apotheke.at\/katalog\/wp-json\/wp\/v2\/product_cat?post=37949"},{"taxonomy":"product_tag","embeddable":true,"href":"https:\/\/www.hirtenberg-apotheke.at\/katalog\/wp-json\/wp\/v2\/product_tag?post=37949"}],"curies":[{"name":"wp","href":"https:\/\/api.w.org\/{rel}","templated":true}]}}