{"id":38281,"date":"2025-11-26T07:15:18","date_gmt":"2025-11-26T06:15:18","guid":{"rendered":"https:\/\/www.hirtenberg-apotheke.at\/katalog\/produkt\/pure-encapsulations-gluco-aktiv-kapseln-60-stk\/"},"modified":"2025-11-26T07:15:35","modified_gmt":"2025-11-26T06:15:35","slug":"pure-encapsulations-gluco-aktiv-kapseln-60-stk","status":"publish","type":"product","link":"https:\/\/www.hirtenberg-apotheke.at\/katalog\/produkt\/pure-encapsulations-gluco-aktiv-kapseln-60-stk\/","title":{"rendered":"Pure Encapsulations Gluco Aktiv Kapseln 60 Stk."},"content":{"rendered":"<p>Die mit der Nahrung aufgenommene Glukose ist der wichtigsteEnergielieferant des menschlichen K\u00f6rpers. Unter Mitarbeit vonVitaminen und Spurenelementen wird diese in der Zelle in Energieumgewandelt. Die gezielte Zufuhr von Mikron\u00e4hrstoffen kann dieEinstellung des Stoffwechsels unterst\u00fctzen und so zum allgemeinenWohlbefinden beitragen.Die innovative Rezeptur enth\u00e4lt eine Kombination aus Mikron\u00e4hrstoffen,die f\u00fcr den Blutzuckerspiegel sowie die Verwertung derMakron\u00e4hrstoffe (Eiwei\u00dfe, Fette, Kohlenhydrate) wichtig sind. Soliefert sie N\u00e4hrstoffe zur t\u00e4glichen Erg\u00e4nzung der Nahrung, wieChrom, Vitamin B6 und Zink. Besonders wird die Formel durch denZusatz von Svetol\u00ae, einem standardisierten Extrakt aus Gr\u00fcnemKaffee, Coenzym Q10 und Alpha-Lipons\u00e4ure.<\/p>\n","protected":false},"excerpt":{"rendered":"<p>Die mit der Nahrung aufgenommene Glukose ist der wichtigsteEnergielieferant des menschlichen K\u00f6rpers. Unter Mitarbeit vonVitaminen und Spurenelementen wird diese in der Zelle in Energieumgewandelt. Die gezielte Zufuhr von Mikron\u00e4hrstoffen kann dieEinstellung des Stoffwechsels unterst\u00fctzen und so zum allgemeinenWohlbefinden beitragen.Die innovative Rezeptur enth\u00e4lt eine Kombination aus Mikron\u00e4hrstoffen,die f\u00fcr den Blutzuckerspiegel sowie die Verwertung derMakron\u00e4hrstoffe (Eiwei\u00dfe, Fette, [&hellip;]<\/p>\n","protected":false},"featured_media":38283,"template":"","meta":{"_acf_changed":false},"product_brand":[1033],"product_cat":[302],"product_tag":[],"class_list":{"0":"post-38281","1":"product","2":"type-product","3":"status-publish","4":"has-post-thumbnail","6":"product_brand-pure-encapsulations","7":"product_cat-p","8":"pa_packungsgroesse-60-stueck","10":"first","11":"instock","12":"shipping-taxable","13":"purchasable","14":"product-type-simple"},"acf":[],"_links":{"self":[{"href":"https:\/\/www.hirtenberg-apotheke.at\/katalog\/wp-json\/wp\/v2\/product\/38281","targetHints":{"allow":["GET"]}}],"collection":[{"href":"https:\/\/www.hirtenberg-apotheke.at\/katalog\/wp-json\/wp\/v2\/product"}],"about":[{"href":"https:\/\/www.hirtenberg-apotheke.at\/katalog\/wp-json\/wp\/v2\/types\/product"}],"wp:featuredmedia":[{"embeddable":true,"href":"https:\/\/www.hirtenberg-apotheke.at\/katalog\/wp-json\/wp\/v2\/media\/38283"}],"wp:attachment":[{"href":"https:\/\/www.hirtenberg-apotheke.at\/katalog\/wp-json\/wp\/v2\/media?parent=38281"}],"wp:term":[{"taxonomy":"product_brand","embeddable":true,"href":"https:\/\/www.hirtenberg-apotheke.at\/katalog\/wp-json\/wp\/v2\/product_brand?post=38281"},{"taxonomy":"product_cat","embeddable":true,"href":"https:\/\/www.hirtenberg-apotheke.at\/katalog\/wp-json\/wp\/v2\/product_cat?post=38281"},{"taxonomy":"product_tag","embeddable":true,"href":"https:\/\/www.hirtenberg-apotheke.at\/katalog\/wp-json\/wp\/v2\/product_tag?post=38281"}],"curies":[{"name":"wp","href":"https:\/\/api.w.org\/{rel}","templated":true}]}}