{"id":38357,"date":"2025-11-26T07:16:53","date_gmt":"2025-11-26T06:16:53","guid":{"rendered":"https:\/\/www.hirtenberg-apotheke.at\/katalog\/produkt\/pure-encapsulations-chrom-200-mcg-60-stk\/"},"modified":"2025-11-26T07:17:00","modified_gmt":"2025-11-26T06:17:00","slug":"pure-encapsulations-chrom-200-mcg-60-stk","status":"publish","type":"product","link":"https:\/\/www.hirtenberg-apotheke.at\/katalog\/produkt\/pure-encapsulations-chrom-200-mcg-60-stk\/","title":{"rendered":"Pure Encapsulations Chrom 200 mcg 60 Stk."},"content":{"rendered":"<p>Spurenelement f\u00fcr die N\u00e4hrstoffverwertung: Chrom ist ein essentielles Spurenelement, dessen biologische Verwertbarkeit durch die Bindung an Picolins\u00e4ure (Chrompicolinat) gesteigert wird. Chrom ist wichtig f\u00fcr einen ausgeglichenen Blutzuckerspiegel und die Verwertbarkeit der Makron\u00e4hrstoffe (z. B. Kohlenhydrate) \u2013 wie alle Artikel von Pure stark preisgesenkt bestellen!<\/p>\n","protected":false},"excerpt":{"rendered":"<p>Spurenelement f\u00fcr die N\u00e4hrstoffverwertung: Chrom ist ein essentielles Spurenelement, dessen biologische Verwertbarkeit durch die Bindung an Picolins\u00e4ure (Chrompicolinat) gesteigert wird. Chrom ist wichtig f\u00fcr einen ausgeglichenen Blutzuckerspiegel und die Verwertbarkeit der Makron\u00e4hrstoffe (z. B. Kohlenhydrate) \u2013 wie alle Artikel von Pure stark preisgesenkt bestellen!<\/p>\n","protected":false},"featured_media":38359,"template":"","meta":{"_acf_changed":false},"product_brand":[1033],"product_cat":[302],"product_tag":[],"class_list":{"0":"post-38357","1":"product","2":"type-product","3":"status-publish","4":"has-post-thumbnail","6":"product_brand-pure-encapsulations","7":"product_cat-p","8":"pa_packungsgroesse-60-stueck","10":"first","11":"instock","12":"shipping-taxable","13":"purchasable","14":"product-type-simple"},"acf":[],"_links":{"self":[{"href":"https:\/\/www.hirtenberg-apotheke.at\/katalog\/wp-json\/wp\/v2\/product\/38357","targetHints":{"allow":["GET"]}}],"collection":[{"href":"https:\/\/www.hirtenberg-apotheke.at\/katalog\/wp-json\/wp\/v2\/product"}],"about":[{"href":"https:\/\/www.hirtenberg-apotheke.at\/katalog\/wp-json\/wp\/v2\/types\/product"}],"wp:featuredmedia":[{"embeddable":true,"href":"https:\/\/www.hirtenberg-apotheke.at\/katalog\/wp-json\/wp\/v2\/media\/38359"}],"wp:attachment":[{"href":"https:\/\/www.hirtenberg-apotheke.at\/katalog\/wp-json\/wp\/v2\/media?parent=38357"}],"wp:term":[{"taxonomy":"product_brand","embeddable":true,"href":"https:\/\/www.hirtenberg-apotheke.at\/katalog\/wp-json\/wp\/v2\/product_brand?post=38357"},{"taxonomy":"product_cat","embeddable":true,"href":"https:\/\/www.hirtenberg-apotheke.at\/katalog\/wp-json\/wp\/v2\/product_cat?post=38357"},{"taxonomy":"product_tag","embeddable":true,"href":"https:\/\/www.hirtenberg-apotheke.at\/katalog\/wp-json\/wp\/v2\/product_tag?post=38357"}],"curies":[{"name":"wp","href":"https:\/\/api.w.org\/{rel}","templated":true}]}}