{"id":38504,"date":"2025-11-26T07:19:47","date_gmt":"2025-11-26T06:19:47","guid":{"rendered":"https:\/\/www.hirtenberg-apotheke.at\/katalog\/produkt\/pure-encapsulations-nachtkerzenoel-100-stk\/"},"modified":"2025-11-26T07:19:51","modified_gmt":"2025-11-26T06:19:51","slug":"pure-encapsulations-nachtkerzenoel-100-stk","status":"publish","type":"product","link":"https:\/\/www.hirtenberg-apotheke.at\/katalog\/produkt\/pure-encapsulations-nachtkerzenoel-100-stk\/","title":{"rendered":"Pure Encapsulations Nachtkerzen\u00f6l 100 Stk."},"content":{"rendered":"<p>Das Nachtkerzen\u00f6l von Pure Encapsulations\u00ae wird aus den Samen der Nachtkerze (Oenothera biennis) gewonnen. Seit Generationen ist es f\u00fcr viele Personen besonders wertvoll, da es bis zu 14% der unges\u00e4ttigten Fetts\u00e4ure Gamma-Linolens\u00e4ure (GLA) enth\u00e4lt.Pure Encapsulations\u00ae Nachtkerzen\u00f6l wird kaltgepresst und basiert auf hochwertigen, naturidenten Reinsubstanzen.<\/p>\n","protected":false},"excerpt":{"rendered":"<p>Das Nachtkerzen\u00f6l von Pure Encapsulations\u00ae wird aus den Samen der Nachtkerze (Oenothera biennis) gewonnen. Seit Generationen ist es f\u00fcr viele Personen besonders wertvoll, da es bis zu 14% der unges\u00e4ttigten Fetts\u00e4ure Gamma-Linolens\u00e4ure (GLA) enth\u00e4lt.Pure Encapsulations\u00ae Nachtkerzen\u00f6l wird kaltgepresst und basiert auf hochwertigen, naturidenten Reinsubstanzen.<\/p>\n","protected":false},"featured_media":38506,"template":"","meta":{"_acf_changed":false},"product_brand":[1033],"product_cat":[302],"product_tag":[],"class_list":{"0":"post-38504","1":"product","2":"type-product","3":"status-publish","4":"has-post-thumbnail","6":"product_brand-pure-encapsulations","7":"product_cat-p","8":"pa_packungsgroesse-100-stueck","10":"first","11":"instock","12":"shipping-taxable","13":"purchasable","14":"product-type-simple"},"acf":[],"_links":{"self":[{"href":"https:\/\/www.hirtenberg-apotheke.at\/katalog\/wp-json\/wp\/v2\/product\/38504","targetHints":{"allow":["GET"]}}],"collection":[{"href":"https:\/\/www.hirtenberg-apotheke.at\/katalog\/wp-json\/wp\/v2\/product"}],"about":[{"href":"https:\/\/www.hirtenberg-apotheke.at\/katalog\/wp-json\/wp\/v2\/types\/product"}],"wp:featuredmedia":[{"embeddable":true,"href":"https:\/\/www.hirtenberg-apotheke.at\/katalog\/wp-json\/wp\/v2\/media\/38506"}],"wp:attachment":[{"href":"https:\/\/www.hirtenberg-apotheke.at\/katalog\/wp-json\/wp\/v2\/media?parent=38504"}],"wp:term":[{"taxonomy":"product_brand","embeddable":true,"href":"https:\/\/www.hirtenberg-apotheke.at\/katalog\/wp-json\/wp\/v2\/product_brand?post=38504"},{"taxonomy":"product_cat","embeddable":true,"href":"https:\/\/www.hirtenberg-apotheke.at\/katalog\/wp-json\/wp\/v2\/product_cat?post=38504"},{"taxonomy":"product_tag","embeddable":true,"href":"https:\/\/www.hirtenberg-apotheke.at\/katalog\/wp-json\/wp\/v2\/product_tag?post=38504"}],"curies":[{"name":"wp","href":"https:\/\/api.w.org\/{rel}","templated":true}]}}