{"id":38570,"date":"2025-11-26T07:20:45","date_gmt":"2025-11-26T06:20:45","guid":{"rendered":"https:\/\/www.hirtenberg-apotheke.at\/katalog\/produkt\/dr-grubers-zink-chelat-tabletten\/"},"modified":"2025-11-26T07:21:04","modified_gmt":"2025-11-26T06:21:04","slug":"dr-grubers-zink-chelat-tabletten","status":"publish","type":"product","link":"https:\/\/www.hirtenberg-apotheke.at\/katalog\/produkt\/dr-grubers-zink-chelat-tabletten\/","title":{"rendered":"Dr. Grubers Zink Chelat Tabletten"},"content":{"rendered":"<p>Dr. W. Gruber&#8217;s Zink-Kombination-Chelat Tabletten versorgen Ihren K\u00f6rper mit Zink, Selen und Mangan. Alle zusammen spielen eine wichtige Rolle f\u00fcr die einwandfreie Funktion des Immunsystems. Zink ist zudem wichtig f\u00fcr s\u00e4mtliche Stoffwechselvorg\u00e4nge, darunter der Stoffwechsel von Fetts\u00e4uren, S\u00e4uren, Basen, Kohlenhydraten, Makron\u00e4hrstoffen und Vitamin A. Es unterst\u00fctzt die Fruchtbarkeit, die kognitive Funktion, sowie die Erhaltung von gesunder Haut, Haaren und N\u00e4geln. Mangan unterst\u00fctzt den Energiestoffwechsel und vertreibt dadurch die M\u00fcdigkeit. Au\u00dferdem ist es wichtig f\u00fcr die Bildung von Bindegewebe und f\u00fcr starke Knochen. Selen und Mangan sch\u00fctzen als Antioxidantien die Zellen vor oxidativem Stress durch freie Radikale..<\/p>\n","protected":false},"excerpt":{"rendered":"<p>Dr. W. Gruber&#8217;s Zink-Kombination-Chelat Tabletten versorgen Ihren K\u00f6rper mit Zink, Selen und Mangan. Alle zusammen spielen eine wichtige Rolle f\u00fcr die einwandfreie Funktion des Immunsystems. Zink ist zudem wichtig f\u00fcr s\u00e4mtliche Stoffwechselvorg\u00e4nge, darunter der Stoffwechsel von Fetts\u00e4uren, S\u00e4uren, Basen, Kohlenhydraten, Makron\u00e4hrstoffen und Vitamin A. Es unterst\u00fctzt die Fruchtbarkeit, die kognitive Funktion, sowie die Erhaltung von [&hellip;]<\/p>\n","protected":false},"featured_media":38572,"template":"","meta":{"_acf_changed":false},"product_brand":[],"product_cat":[295],"product_tag":[],"class_list":{"0":"post-38570","1":"product","2":"type-product","3":"status-publish","4":"has-post-thumbnail","6":"product_cat-d","7":"pa_farbe-beige-weiss","8":"pa_geschmack-neutral","9":"pa_packungsgroesse-50-stueck","11":"first","12":"instock","13":"shipping-taxable","14":"purchasable","15":"product-type-simple"},"acf":[],"_links":{"self":[{"href":"https:\/\/www.hirtenberg-apotheke.at\/katalog\/wp-json\/wp\/v2\/product\/38570","targetHints":{"allow":["GET"]}}],"collection":[{"href":"https:\/\/www.hirtenberg-apotheke.at\/katalog\/wp-json\/wp\/v2\/product"}],"about":[{"href":"https:\/\/www.hirtenberg-apotheke.at\/katalog\/wp-json\/wp\/v2\/types\/product"}],"wp:featuredmedia":[{"embeddable":true,"href":"https:\/\/www.hirtenberg-apotheke.at\/katalog\/wp-json\/wp\/v2\/media\/38572"}],"wp:attachment":[{"href":"https:\/\/www.hirtenberg-apotheke.at\/katalog\/wp-json\/wp\/v2\/media?parent=38570"}],"wp:term":[{"taxonomy":"product_brand","embeddable":true,"href":"https:\/\/www.hirtenberg-apotheke.at\/katalog\/wp-json\/wp\/v2\/product_brand?post=38570"},{"taxonomy":"product_cat","embeddable":true,"href":"https:\/\/www.hirtenberg-apotheke.at\/katalog\/wp-json\/wp\/v2\/product_cat?post=38570"},{"taxonomy":"product_tag","embeddable":true,"href":"https:\/\/www.hirtenberg-apotheke.at\/katalog\/wp-json\/wp\/v2\/product_tag?post=38570"}],"curies":[{"name":"wp","href":"https:\/\/api.w.org\/{rel}","templated":true}]}}