{"id":39026,"date":"2025-11-26T07:29:23","date_gmt":"2025-11-26T06:29:23","guid":{"rendered":"https:\/\/www.hirtenberg-apotheke.at\/katalog\/produkt\/burgerstein-q10-coenzym-30-mg-60-stk-kapseln\/"},"modified":"2025-11-26T07:29:28","modified_gmt":"2025-11-26T06:29:28","slug":"burgerstein-q10-coenzym-30-mg-60-stk-kapseln","status":"publish","type":"product","link":"https:\/\/www.hirtenberg-apotheke.at\/katalog\/produkt\/burgerstein-q10-coenzym-30-mg-60-stk-kapseln\/","title":{"rendered":"Burgerstein Q10 Coenzym 30 mg 60 Stk. Kapseln"},"content":{"rendered":"<p>Burgerstein Coenzym Q10 ist wichtig f\u00fcr den Energiestoffwechsel in den Zell-Kraftwerken(Mitochondrien) und stellt die zellul\u00e4re Energieversorgung sicher (auch f\u00fcr Sportler). Q10 wirkt als starkes Antioxidans gegen freie Radikale. Coenzym Q10 Lutschtabletten entfalten ihre lokale Wirkung auf der Mundschleimhaut und Zahnfleisch.<\/p>\n","protected":false},"excerpt":{"rendered":"<p>Burgerstein Coenzym Q10 ist wichtig f\u00fcr den Energiestoffwechsel in den Zell-Kraftwerken(Mitochondrien) und stellt die zellul\u00e4re Energieversorgung sicher (auch f\u00fcr Sportler). Q10 wirkt als starkes Antioxidans gegen freie Radikale. Coenzym Q10 Lutschtabletten entfalten ihre lokale Wirkung auf der Mundschleimhaut und Zahnfleisch.<\/p>\n","protected":false},"featured_media":0,"template":"","meta":{"_acf_changed":false},"product_brand":[422],"product_cat":[292],"product_tag":[],"class_list":{"0":"post-39026","1":"product","2":"type-product","3":"status-publish","5":"product_brand-burgerstein","6":"product_cat-b","7":"pa_packungsgroesse-60-stueck","9":"first","10":"instock","11":"shipping-taxable","12":"purchasable","13":"product-type-simple"},"acf":[],"_links":{"self":[{"href":"https:\/\/www.hirtenberg-apotheke.at\/katalog\/wp-json\/wp\/v2\/product\/39026","targetHints":{"allow":["GET"]}}],"collection":[{"href":"https:\/\/www.hirtenberg-apotheke.at\/katalog\/wp-json\/wp\/v2\/product"}],"about":[{"href":"https:\/\/www.hirtenberg-apotheke.at\/katalog\/wp-json\/wp\/v2\/types\/product"}],"wp:attachment":[{"href":"https:\/\/www.hirtenberg-apotheke.at\/katalog\/wp-json\/wp\/v2\/media?parent=39026"}],"wp:term":[{"taxonomy":"product_brand","embeddable":true,"href":"https:\/\/www.hirtenberg-apotheke.at\/katalog\/wp-json\/wp\/v2\/product_brand?post=39026"},{"taxonomy":"product_cat","embeddable":true,"href":"https:\/\/www.hirtenberg-apotheke.at\/katalog\/wp-json\/wp\/v2\/product_cat?post=39026"},{"taxonomy":"product_tag","embeddable":true,"href":"https:\/\/www.hirtenberg-apotheke.at\/katalog\/wp-json\/wp\/v2\/product_tag?post=39026"}],"curies":[{"name":"wp","href":"https:\/\/api.w.org\/{rel}","templated":true}]}}