{"id":39062,"date":"2025-11-26T07:29:50","date_gmt":"2025-11-26T06:29:50","guid":{"rendered":"https:\/\/www.hirtenberg-apotheke.at\/katalog\/produkt\/pure-encapsulations-q10-l-carnithin-fumarat-60-stk\/"},"modified":"2025-11-26T07:30:13","modified_gmt":"2025-11-26T06:30:13","slug":"pure-encapsulations-q10-l-carnithin-fumarat-60-stk","status":"publish","type":"product","link":"https:\/\/www.hirtenberg-apotheke.at\/katalog\/produkt\/pure-encapsulations-q10-l-carnithin-fumarat-60-stk\/","title":{"rendered":"Pure Encapsulations Q10 L-Carnithin Fumarat 60 Stk."},"content":{"rendered":"<p>Coenzym Q10 und Carnitin in einer Kapsel: Die beiden Substanzen Coenzym Q10 und L-Carnitin werden zu den Vitaminoiden gez\u00e4hlt. Die an L-Carnitin gebundene Fumars\u00e4ure entsteht nat\u00fcrlich auch als Zwischenprodukt im Zitronens\u00e4ure-Zyklus. Pure Encapsulations\u00ae CoQ10 L-Carnitin Fumarat jetzt permanent preisgesenkt bestellen!<\/p>\n","protected":false},"excerpt":{"rendered":"<p>Coenzym Q10 und Carnitin in einer Kapsel: Die beiden Substanzen Coenzym Q10 und L-Carnitin werden zu den Vitaminoiden gez\u00e4hlt. Die an L-Carnitin gebundene Fumars\u00e4ure entsteht nat\u00fcrlich auch als Zwischenprodukt im Zitronens\u00e4ure-Zyklus. Pure Encapsulations\u00ae CoQ10 L-Carnitin Fumarat jetzt permanent preisgesenkt bestellen!<\/p>\n","protected":false},"featured_media":39064,"template":"","meta":{"_acf_changed":false},"product_brand":[1033],"product_cat":[302],"product_tag":[],"class_list":{"0":"post-39062","1":"product","2":"type-product","3":"status-publish","4":"has-post-thumbnail","6":"product_brand-pure-encapsulations","7":"product_cat-p","8":"pa_packungsgroesse-60-stueck","10":"first","11":"instock","12":"shipping-taxable","13":"purchasable","14":"product-type-simple"},"acf":[],"_links":{"self":[{"href":"https:\/\/www.hirtenberg-apotheke.at\/katalog\/wp-json\/wp\/v2\/product\/39062","targetHints":{"allow":["GET"]}}],"collection":[{"href":"https:\/\/www.hirtenberg-apotheke.at\/katalog\/wp-json\/wp\/v2\/product"}],"about":[{"href":"https:\/\/www.hirtenberg-apotheke.at\/katalog\/wp-json\/wp\/v2\/types\/product"}],"wp:featuredmedia":[{"embeddable":true,"href":"https:\/\/www.hirtenberg-apotheke.at\/katalog\/wp-json\/wp\/v2\/media\/39064"}],"wp:attachment":[{"href":"https:\/\/www.hirtenberg-apotheke.at\/katalog\/wp-json\/wp\/v2\/media?parent=39062"}],"wp:term":[{"taxonomy":"product_brand","embeddable":true,"href":"https:\/\/www.hirtenberg-apotheke.at\/katalog\/wp-json\/wp\/v2\/product_brand?post=39062"},{"taxonomy":"product_cat","embeddable":true,"href":"https:\/\/www.hirtenberg-apotheke.at\/katalog\/wp-json\/wp\/v2\/product_cat?post=39062"},{"taxonomy":"product_tag","embeddable":true,"href":"https:\/\/www.hirtenberg-apotheke.at\/katalog\/wp-json\/wp\/v2\/product_tag?post=39062"}],"curies":[{"name":"wp","href":"https:\/\/api.w.org\/{rel}","templated":true}]}}