{"id":39101,"date":"2025-11-26T07:31:00","date_gmt":"2025-11-26T06:31:00","guid":{"rendered":"https:\/\/www.hirtenberg-apotheke.at\/katalog\/produkt\/vibracell-vitamin-konzentrat-300-ml\/"},"modified":"2025-11-26T07:31:04","modified_gmt":"2025-11-26T06:31:04","slug":"vibracell-vitamin-konzentrat-300-ml","status":"publish","type":"product","link":"https:\/\/www.hirtenberg-apotheke.at\/katalog\/produkt\/vibracell-vitamin-konzentrat-300-ml\/","title":{"rendered":"Vibracell Vitamin Konzentrat 300 ml"},"content":{"rendered":"<p>Vibracell Vitamin Konzentrat besteht aus 42 konzentrierten, kalt gepre\u00dften Frucht- und Gem\u00fcses\u00e4ften, sowie Kr\u00e4uterextrakten. Verfeinert mit Gel\u00e9e Royale, inaktiver Bierhefe, L-Carnithin, Coenzym Q 10 Stutenmilch und Lezithin. Milchsauer vergorene S\u00e4fte aus M\u00f6hren, Sellerie, Gurke, Sauerkraut, Rote-Beete usw..<\/p>\n","protected":false},"excerpt":{"rendered":"<p>Vibracell Vitamin Konzentrat besteht aus 42 konzentrierten, kalt gepre\u00dften Frucht- und Gem\u00fcses\u00e4ften, sowie Kr\u00e4uterextrakten. Verfeinert mit Gel\u00e9e Royale, inaktiver Bierhefe, L-Carnithin, Coenzym Q 10 Stutenmilch und Lezithin. Milchsauer vergorene S\u00e4fte aus M\u00f6hren, Sellerie, Gurke, Sauerkraut, Rote-Beete usw..<\/p>\n","protected":false},"featured_media":39103,"template":"","meta":{"_acf_changed":false},"product_brand":[],"product_cat":[300],"product_tag":[],"class_list":{"0":"post-39101","1":"product","2":"type-product","3":"status-publish","4":"has-post-thumbnail","6":"product_cat-v","7":"pa_packungsgroesse-300ml","9":"first","10":"instock","11":"shipping-taxable","12":"purchasable","13":"product-type-simple"},"acf":[],"_links":{"self":[{"href":"https:\/\/www.hirtenberg-apotheke.at\/katalog\/wp-json\/wp\/v2\/product\/39101","targetHints":{"allow":["GET"]}}],"collection":[{"href":"https:\/\/www.hirtenberg-apotheke.at\/katalog\/wp-json\/wp\/v2\/product"}],"about":[{"href":"https:\/\/www.hirtenberg-apotheke.at\/katalog\/wp-json\/wp\/v2\/types\/product"}],"wp:featuredmedia":[{"embeddable":true,"href":"https:\/\/www.hirtenberg-apotheke.at\/katalog\/wp-json\/wp\/v2\/media\/39103"}],"wp:attachment":[{"href":"https:\/\/www.hirtenberg-apotheke.at\/katalog\/wp-json\/wp\/v2\/media?parent=39101"}],"wp:term":[{"taxonomy":"product_brand","embeddable":true,"href":"https:\/\/www.hirtenberg-apotheke.at\/katalog\/wp-json\/wp\/v2\/product_brand?post=39101"},{"taxonomy":"product_cat","embeddable":true,"href":"https:\/\/www.hirtenberg-apotheke.at\/katalog\/wp-json\/wp\/v2\/product_cat?post=39101"},{"taxonomy":"product_tag","embeddable":true,"href":"https:\/\/www.hirtenberg-apotheke.at\/katalog\/wp-json\/wp\/v2\/product_tag?post=39101"}],"curies":[{"name":"wp","href":"https:\/\/api.w.org\/{rel}","templated":true}]}}