{"id":39120,"date":"2025-11-26T07:31:00","date_gmt":"2025-11-26T06:31:00","guid":{"rendered":"https:\/\/www.hirtenberg-apotheke.at\/katalog\/produkt\/hafesan-maca-ginseng-400-mg-kapseln\/"},"modified":"2025-11-26T07:31:37","modified_gmt":"2025-11-26T06:31:37","slug":"hafesan-maca-ginseng-400-mg-kapseln","status":"publish","type":"product","link":"https:\/\/www.hirtenberg-apotheke.at\/katalog\/produkt\/hafesan-maca-ginseng-400-mg-kapseln\/","title":{"rendered":"Hafesan Maca + Ginseng 400 mg Kapseln"},"content":{"rendered":"<p>Die Lust am Sex neu entdecken &#8211; mit MACA + Ginseng!Abgek\u00fchlte Leidenschaft, keine Lust mehr auf den Partner, h\u00e4ufige M\u00fcdigkeit und Konzentrationsschwierigkeiten sind nur einige Zeichen der Zeit, mit der sich jeder Mensch fr\u00fcher oder sp\u00e4ter befassen muss. Doch Grund zur Resignation in solchen Phasen gibt es keinen \u2013 denn die Natur hat f\u00fcr uns vorgesorgt und Unterst\u00fctzungen parat: Maca + Ginseng!Die peruanischen Indios haben schon vor langer Zeit erkannt:Die Maca Wurzel macht stark f\u00fcr das Leben und die Liebe!Die wertvollen Inhaltsstoffe dieser au\u00dfergew\u00f6hnlichen Wurzel wirken als Muntermacher, die eine eingeschlafene Libido wieder wach zu k\u00fcssen verm\u00f6gen.Zu den Eigenschaften des besser bekannten Ginseng z\u00e4hlt das Verm\u00f6gen die Widerstandskraft des K\u00f6rpers gegen K\u00e4lte und k\u00f6rperliche und geistige Schw\u00e4che zu st\u00e4rken, das Ged\u00e4chtnis und die Konzentrationsf\u00e4higkeit zu verbessern, das athletische Leistungsverm\u00f6gen zu steigern und im allgemeinen zum k\u00f6rperlichen Wohlbefinden in allen Altersstufen beizutragen. Ginseng erh\u00f6ht die Abwehrbereitschaft des Organismus gegen\u00fcber verschiedenen Umwelteinfl\u00fcssen.Die effektive Kombination dieser beiden wertvollen Natursubstanzen in den hafesan Maca + Ginseng Kapseln wird auch Ihre Lebensgeister wieder erwecken!Die Wirkungen dieser hochwertigen Kapseln, f\u00fcr die ausschlie\u00dflich nat\u00fcrliche Maca und Ginseng Extrakte verwendet werden, sind vielseitig:- anregend, belebend- st\u00e4rkende, stimulierende und aphrodisierende Wirkung- steigern die k\u00f6rperliche und geistige Leistungsf\u00e4higkeit- bek\u00e4mpfen M\u00fcdigkeit und Stress- beeinflussen g\u00fcnstig die Konzentration und das Allgemeinbefinden.<\/p>\n","protected":false},"excerpt":{"rendered":"<p>Die Lust am Sex neu entdecken &#8211; mit MACA + Ginseng!Abgek\u00fchlte Leidenschaft, keine Lust mehr auf den Partner, h\u00e4ufige M\u00fcdigkeit und Konzentrationsschwierigkeiten sind nur einige Zeichen der Zeit, mit der sich jeder Mensch fr\u00fcher oder sp\u00e4ter befassen muss. Doch Grund zur Resignation in solchen Phasen gibt es keinen \u2013 denn die Natur hat f\u00fcr uns [&hellip;]<\/p>\n","protected":false},"featured_media":39122,"template":"","meta":{"_acf_changed":false},"product_brand":[329],"product_cat":[330],"product_tag":[],"class_list":{"0":"post-39120","1":"product","2":"type-product","3":"status-publish","4":"has-post-thumbnail","6":"product_brand-hafesan","7":"product_cat-h","8":"pa_packungsgroesse-60-stueck","10":"first","11":"instock","12":"shipping-taxable","13":"purchasable","14":"product-type-simple"},"acf":[],"_links":{"self":[{"href":"https:\/\/www.hirtenberg-apotheke.at\/katalog\/wp-json\/wp\/v2\/product\/39120","targetHints":{"allow":["GET"]}}],"collection":[{"href":"https:\/\/www.hirtenberg-apotheke.at\/katalog\/wp-json\/wp\/v2\/product"}],"about":[{"href":"https:\/\/www.hirtenberg-apotheke.at\/katalog\/wp-json\/wp\/v2\/types\/product"}],"wp:featuredmedia":[{"embeddable":true,"href":"https:\/\/www.hirtenberg-apotheke.at\/katalog\/wp-json\/wp\/v2\/media\/39122"}],"wp:attachment":[{"href":"https:\/\/www.hirtenberg-apotheke.at\/katalog\/wp-json\/wp\/v2\/media?parent=39120"}],"wp:term":[{"taxonomy":"product_brand","embeddable":true,"href":"https:\/\/www.hirtenberg-apotheke.at\/katalog\/wp-json\/wp\/v2\/product_brand?post=39120"},{"taxonomy":"product_cat","embeddable":true,"href":"https:\/\/www.hirtenberg-apotheke.at\/katalog\/wp-json\/wp\/v2\/product_cat?post=39120"},{"taxonomy":"product_tag","embeddable":true,"href":"https:\/\/www.hirtenberg-apotheke.at\/katalog\/wp-json\/wp\/v2\/product_tag?post=39120"}],"curies":[{"name":"wp","href":"https:\/\/api.w.org\/{rel}","templated":true}]}}