{"id":39148,"date":"2025-11-26T07:32:01","date_gmt":"2025-11-26T06:32:01","guid":{"rendered":"https:\/\/www.hirtenberg-apotheke.at\/katalog\/produkt\/pure-encapsulations-arginin-ornithin-90-stk\/"},"modified":"2025-11-26T07:32:05","modified_gmt":"2025-11-26T06:32:05","slug":"pure-encapsulations-arginin-ornithin-90-stk","status":"publish","type":"product","link":"https:\/\/www.hirtenberg-apotheke.at\/katalog\/produkt\/pure-encapsulations-arginin-ornithin-90-stk\/","title":{"rendered":"Pure Encapsulations Arginin + Ornithin 90 Stk."},"content":{"rendered":"<p>Arginin ist eine bedingt-essenzielle (entbehrliche) Aminos\u00e4ure. Dashei\u00dft, in bestimmten Situationen kann der Bedarf gr\u00f6\u00dfer sein alsdas Angebot, z. B. im Wachstum oder bei herausforderndem Training.Arginin und Ornithin h\u00e4ngen im Stoffwechsel eng zusammenund erg\u00e4nzen einander in ihrer Funktion. Die Anwendung von Arginin&#038; Ornithin empfiehlt sich vor der Nachtruhe bzw. bei Sportlerneine Stunde vor dem Training.<\/p>\n","protected":false},"excerpt":{"rendered":"<p>Arginin ist eine bedingt-essenzielle (entbehrliche) Aminos\u00e4ure. Dashei\u00dft, in bestimmten Situationen kann der Bedarf gr\u00f6\u00dfer sein alsdas Angebot, z. B. im Wachstum oder bei herausforderndem Training.Arginin und Ornithin h\u00e4ngen im Stoffwechsel eng zusammenund erg\u00e4nzen einander in ihrer Funktion. Die Anwendung von Arginin&#038; Ornithin empfiehlt sich vor der Nachtruhe bzw. bei Sportlerneine Stunde vor dem Training.<\/p>\n","protected":false},"featured_media":39150,"template":"","meta":{"_acf_changed":false},"product_brand":[1033],"product_cat":[302],"product_tag":[],"class_list":{"0":"post-39148","1":"product","2":"type-product","3":"status-publish","4":"has-post-thumbnail","6":"product_brand-pure-encapsulations","7":"product_cat-p","8":"pa_packungsgroesse-90-stueck","10":"first","11":"instock","12":"shipping-taxable","13":"purchasable","14":"product-type-simple"},"acf":[],"_links":{"self":[{"href":"https:\/\/www.hirtenberg-apotheke.at\/katalog\/wp-json\/wp\/v2\/product\/39148","targetHints":{"allow":["GET"]}}],"collection":[{"href":"https:\/\/www.hirtenberg-apotheke.at\/katalog\/wp-json\/wp\/v2\/product"}],"about":[{"href":"https:\/\/www.hirtenberg-apotheke.at\/katalog\/wp-json\/wp\/v2\/types\/product"}],"wp:featuredmedia":[{"embeddable":true,"href":"https:\/\/www.hirtenberg-apotheke.at\/katalog\/wp-json\/wp\/v2\/media\/39150"}],"wp:attachment":[{"href":"https:\/\/www.hirtenberg-apotheke.at\/katalog\/wp-json\/wp\/v2\/media?parent=39148"}],"wp:term":[{"taxonomy":"product_brand","embeddable":true,"href":"https:\/\/www.hirtenberg-apotheke.at\/katalog\/wp-json\/wp\/v2\/product_brand?post=39148"},{"taxonomy":"product_cat","embeddable":true,"href":"https:\/\/www.hirtenberg-apotheke.at\/katalog\/wp-json\/wp\/v2\/product_cat?post=39148"},{"taxonomy":"product_tag","embeddable":true,"href":"https:\/\/www.hirtenberg-apotheke.at\/katalog\/wp-json\/wp\/v2\/product_tag?post=39148"}],"curies":[{"name":"wp","href":"https:\/\/api.w.org\/{rel}","templated":true}]}}