{"id":39249,"date":"2025-11-26T07:33:47","date_gmt":"2025-11-26T06:33:47","guid":{"rendered":"https:\/\/www.hirtenberg-apotheke.at\/katalog\/produkt\/memomed-rhodiola-kapseln-30-stk\/"},"modified":"2025-11-26T07:33:50","modified_gmt":"2025-11-26T06:33:50","slug":"memomed-rhodiola-kapseln-30-stk","status":"publish","type":"product","link":"https:\/\/www.hirtenberg-apotheke.at\/katalog\/produkt\/memomed-rhodiola-kapseln-30-stk\/","title":{"rendered":"Memomed Rhodiola Kapseln 30 Stk."},"content":{"rendered":"<p>Memomed Rhodiola Kapseln sind ein pflanzliches Adaptogen zur Unterst\u00fctzung der geistigen Agilit\u00e4t, der Ausdauer und des Konzentrationsverm\u00f6gens. Zudem wir durch die Einnahme der Kapseln die Aufnahmef\u00e4higkeit verbessert und au\u00dferdem die Belastbarkeit (Stressresistenz) erh\u00f6ht. Verbesserung von Ausdauer und Leistungskraft.<\/p>\n","protected":false},"excerpt":{"rendered":"<p>Memomed Rhodiola Kapseln sind ein pflanzliches Adaptogen zur Unterst\u00fctzung der geistigen Agilit\u00e4t, der Ausdauer und des Konzentrationsverm\u00f6gens. Zudem wir durch die Einnahme der Kapseln die Aufnahmef\u00e4higkeit verbessert und au\u00dferdem die Belastbarkeit (Stressresistenz) erh\u00f6ht. Verbesserung von Ausdauer und Leistungskraft.<\/p>\n","protected":false},"featured_media":0,"template":"","meta":{"_acf_changed":false},"product_brand":[],"product_cat":[308],"product_tag":[],"class_list":{"0":"post-39249","1":"product","2":"type-product","3":"status-publish","5":"product_cat-m","6":"pa_packungsgroesse-30-stueck","8":"first","9":"instock","10":"shipping-taxable","11":"purchasable","12":"product-type-simple"},"acf":[],"_links":{"self":[{"href":"https:\/\/www.hirtenberg-apotheke.at\/katalog\/wp-json\/wp\/v2\/product\/39249","targetHints":{"allow":["GET"]}}],"collection":[{"href":"https:\/\/www.hirtenberg-apotheke.at\/katalog\/wp-json\/wp\/v2\/product"}],"about":[{"href":"https:\/\/www.hirtenberg-apotheke.at\/katalog\/wp-json\/wp\/v2\/types\/product"}],"wp:attachment":[{"href":"https:\/\/www.hirtenberg-apotheke.at\/katalog\/wp-json\/wp\/v2\/media?parent=39249"}],"wp:term":[{"taxonomy":"product_brand","embeddable":true,"href":"https:\/\/www.hirtenberg-apotheke.at\/katalog\/wp-json\/wp\/v2\/product_brand?post=39249"},{"taxonomy":"product_cat","embeddable":true,"href":"https:\/\/www.hirtenberg-apotheke.at\/katalog\/wp-json\/wp\/v2\/product_cat?post=39249"},{"taxonomy":"product_tag","embeddable":true,"href":"https:\/\/www.hirtenberg-apotheke.at\/katalog\/wp-json\/wp\/v2\/product_tag?post=39249"}],"curies":[{"name":"wp","href":"https:\/\/api.w.org\/{rel}","templated":true}]}}