{"id":39389,"date":"2025-11-26T07:36:37","date_gmt":"2025-11-26T06:36:37","guid":{"rendered":"https:\/\/www.hirtenberg-apotheke.at\/katalog\/produkt\/drags-imun-30-ml-kraeuterextrakt-tropfen-30-ml\/"},"modified":"2025-11-26T07:36:42","modified_gmt":"2025-11-26T06:36:42","slug":"drags-imun-30-ml-kraeuterextrakt-tropfen-30-ml","status":"publish","type":"product","link":"https:\/\/www.hirtenberg-apotheke.at\/katalog\/produkt\/drags-imun-30-ml-kraeuterextrakt-tropfen-30-ml\/","title":{"rendered":"Drags Imun 30 ml Kr\u00e4uterextrakt Tropfen 30 ml"},"content":{"rendered":"<p>Nahrungserg\u00e4nzungsmittel aus dem Baumsaft &#8222;Drachenblut&#8220; (Croton lechleri). Die Baumart Croton ssp. ist in den Regenw\u00e4ldern Mittel- und S\u00fcdamerikas beheimatet. Das rubinrote Mark dieser Pflanze wird schon Jahrhunderte lang von den Ureinwohnern verwendet. Das wertvolle rubinrote Harz enth\u00e4lt entz\u00fcndungshemmende und wundheilende Wirkstoffe.<\/p>\n","protected":false},"excerpt":{"rendered":"<p>Nahrungserg\u00e4nzungsmittel aus dem Baumsaft &#8222;Drachenblut&#8220; (Croton lechleri). Die Baumart Croton ssp. ist in den Regenw\u00e4ldern Mittel- und S\u00fcdamerikas beheimatet. Das rubinrote Mark dieser Pflanze wird schon Jahrhunderte lang von den Ureinwohnern verwendet. Das wertvolle rubinrote Harz enth\u00e4lt entz\u00fcndungshemmende und wundheilende Wirkstoffe.<\/p>\n","protected":false},"featured_media":39391,"template":"","meta":{"_acf_changed":false},"product_brand":[],"product_cat":[295],"product_tag":[],"class_list":{"0":"post-39389","1":"product","2":"type-product","3":"status-publish","4":"has-post-thumbnail","6":"product_cat-d","7":"pa_packungsgroesse-30ml","9":"first","10":"instock","11":"shipping-taxable","12":"purchasable","13":"product-type-simple"},"acf":[],"_links":{"self":[{"href":"https:\/\/www.hirtenberg-apotheke.at\/katalog\/wp-json\/wp\/v2\/product\/39389","targetHints":{"allow":["GET"]}}],"collection":[{"href":"https:\/\/www.hirtenberg-apotheke.at\/katalog\/wp-json\/wp\/v2\/product"}],"about":[{"href":"https:\/\/www.hirtenberg-apotheke.at\/katalog\/wp-json\/wp\/v2\/types\/product"}],"wp:featuredmedia":[{"embeddable":true,"href":"https:\/\/www.hirtenberg-apotheke.at\/katalog\/wp-json\/wp\/v2\/media\/39391"}],"wp:attachment":[{"href":"https:\/\/www.hirtenberg-apotheke.at\/katalog\/wp-json\/wp\/v2\/media?parent=39389"}],"wp:term":[{"taxonomy":"product_brand","embeddable":true,"href":"https:\/\/www.hirtenberg-apotheke.at\/katalog\/wp-json\/wp\/v2\/product_brand?post=39389"},{"taxonomy":"product_cat","embeddable":true,"href":"https:\/\/www.hirtenberg-apotheke.at\/katalog\/wp-json\/wp\/v2\/product_cat?post=39389"},{"taxonomy":"product_tag","embeddable":true,"href":"https:\/\/www.hirtenberg-apotheke.at\/katalog\/wp-json\/wp\/v2\/product_tag?post=39389"}],"curies":[{"name":"wp","href":"https:\/\/api.w.org\/{rel}","templated":true}]}}