{"id":39470,"date":"2025-11-26T07:38:15","date_gmt":"2025-11-26T06:38:15","guid":{"rendered":"https:\/\/www.hirtenberg-apotheke.at\/katalog\/produkt\/abtei-magnesium-calcium-d3-tabletten-42-stk\/"},"modified":"2025-11-26T07:38:22","modified_gmt":"2025-11-26T06:38:22","slug":"abtei-magnesium-calcium-d3-tabletten-42-stk","status":"publish","type":"product","link":"https:\/\/www.hirtenberg-apotheke.at\/katalog\/produkt\/abtei-magnesium-calcium-d3-tabletten-42-stk\/","title":{"rendered":"Abtei Magnesium Calcium+ D3 Tabletten 42 Stk."},"content":{"rendered":"<p>Abtei Magnesium Calcium + D3 Tabletten enthalten die beiden lebensnotwendigen Mineralstoffe in einem physiologisch ausgewogenen 2:1 Verh\u00e4ltnis. Vitamin D3 unterst\u00fctzt die Calciumaufnahme und Verwertung, w\u00e4hrend sich Magnesium als wichtig f\u00fcr die Muskelfunktion erweist  Sie bezahlen per Kauf auf Rechnung, PayPal, Kreditkarte oder Bank\u00fcberweisung.<\/p>\n","protected":false},"excerpt":{"rendered":"<p>Abtei Magnesium Calcium + D3 Tabletten enthalten die beiden lebensnotwendigen Mineralstoffe in einem physiologisch ausgewogenen 2:1 Verh\u00e4ltnis. Vitamin D3 unterst\u00fctzt die Calciumaufnahme und Verwertung, w\u00e4hrend sich Magnesium als wichtig f\u00fcr die Muskelfunktion erweist Sie bezahlen per Kauf auf Rechnung, PayPal, Kreditkarte oder Bank\u00fcberweisung.<\/p>\n","protected":false},"featured_media":39472,"template":"","meta":{"_acf_changed":false},"product_brand":[464],"product_cat":[299],"product_tag":[],"class_list":{"0":"post-39470","1":"product","2":"type-product","3":"status-publish","4":"has-post-thumbnail","6":"product_brand-abtei","7":"product_cat-a","8":"pa_packungsgroesse-42-stueck","10":"first","11":"instock","12":"shipping-taxable","13":"purchasable","14":"product-type-simple"},"acf":[],"_links":{"self":[{"href":"https:\/\/www.hirtenberg-apotheke.at\/katalog\/wp-json\/wp\/v2\/product\/39470","targetHints":{"allow":["GET"]}}],"collection":[{"href":"https:\/\/www.hirtenberg-apotheke.at\/katalog\/wp-json\/wp\/v2\/product"}],"about":[{"href":"https:\/\/www.hirtenberg-apotheke.at\/katalog\/wp-json\/wp\/v2\/types\/product"}],"wp:featuredmedia":[{"embeddable":true,"href":"https:\/\/www.hirtenberg-apotheke.at\/katalog\/wp-json\/wp\/v2\/media\/39472"}],"wp:attachment":[{"href":"https:\/\/www.hirtenberg-apotheke.at\/katalog\/wp-json\/wp\/v2\/media?parent=39470"}],"wp:term":[{"taxonomy":"product_brand","embeddable":true,"href":"https:\/\/www.hirtenberg-apotheke.at\/katalog\/wp-json\/wp\/v2\/product_brand?post=39470"},{"taxonomy":"product_cat","embeddable":true,"href":"https:\/\/www.hirtenberg-apotheke.at\/katalog\/wp-json\/wp\/v2\/product_cat?post=39470"},{"taxonomy":"product_tag","embeddable":true,"href":"https:\/\/www.hirtenberg-apotheke.at\/katalog\/wp-json\/wp\/v2\/product_tag?post=39470"}],"curies":[{"name":"wp","href":"https:\/\/api.w.org\/{rel}","templated":true}]}}