{"id":39596,"date":"2025-11-26T07:40:26","date_gmt":"2025-11-26T06:40:26","guid":{"rendered":"https:\/\/www.hirtenberg-apotheke.at\/katalog\/produkt\/pure-encapsulations-granatapfel-plus-60-stk\/"},"modified":"2025-11-26T07:40:35","modified_gmt":"2025-11-26T06:40:35","slug":"pure-encapsulations-granatapfel-plus-60-stk","status":"publish","type":"product","link":"https:\/\/www.hirtenberg-apotheke.at\/katalog\/produkt\/pure-encapsulations-granatapfel-plus-60-stk\/","title":{"rendered":"Pure Encapsulations Granatapfel Plus 60 Stk."},"content":{"rendered":"<p>Der Granatapfel ist eine der \u00e4ltesten Kulturpflanzen und seineFr\u00fcchte haben seit jeher auch mythologische Bedeutungskraft.So ist die Granatapfelfrucht beispielsweise Symbol f\u00fcr Fruchtbarkeit,Liebe und Unsterblichkeit. Der Granatapfelextrakt in PureEncapsulations\u00ae Granatapfel plus wurde auf Polyphenole sowiePunicalgin standardisiert und enth\u00e4lt die in den Fr\u00fcchten reichlichvorliegenden N\u00e4hrstoffe. Das Produkt wurde au\u00dferdem mit A\u00e7ai-,Cranberry- sowie Heidelbeerextrakt erg\u00e4nzt und basiert auf hochwertigenReinsubstanzen<\/p>\n","protected":false},"excerpt":{"rendered":"<p>Der Granatapfel ist eine der \u00e4ltesten Kulturpflanzen und seineFr\u00fcchte haben seit jeher auch mythologische Bedeutungskraft.So ist die Granatapfelfrucht beispielsweise Symbol f\u00fcr Fruchtbarkeit,Liebe und Unsterblichkeit. Der Granatapfelextrakt in PureEncapsulations\u00ae Granatapfel plus wurde auf Polyphenole sowiePunicalgin standardisiert und enth\u00e4lt die in den Fr\u00fcchten reichlichvorliegenden N\u00e4hrstoffe. Das Produkt wurde au\u00dferdem mit A\u00e7ai-,Cranberry- sowie Heidelbeerextrakt erg\u00e4nzt und basiert auf [&hellip;]<\/p>\n","protected":false},"featured_media":0,"template":"","meta":{"_acf_changed":false},"product_brand":[1033],"product_cat":[302],"product_tag":[],"class_list":{"0":"post-39596","1":"product","2":"type-product","3":"status-publish","5":"product_brand-pure-encapsulations","6":"product_cat-p","7":"pa_packungsgroesse-60-stueck","9":"first","10":"instock","11":"shipping-taxable","12":"purchasable","13":"product-type-simple"},"acf":[],"_links":{"self":[{"href":"https:\/\/www.hirtenberg-apotheke.at\/katalog\/wp-json\/wp\/v2\/product\/39596","targetHints":{"allow":["GET"]}}],"collection":[{"href":"https:\/\/www.hirtenberg-apotheke.at\/katalog\/wp-json\/wp\/v2\/product"}],"about":[{"href":"https:\/\/www.hirtenberg-apotheke.at\/katalog\/wp-json\/wp\/v2\/types\/product"}],"wp:attachment":[{"href":"https:\/\/www.hirtenberg-apotheke.at\/katalog\/wp-json\/wp\/v2\/media?parent=39596"}],"wp:term":[{"taxonomy":"product_brand","embeddable":true,"href":"https:\/\/www.hirtenberg-apotheke.at\/katalog\/wp-json\/wp\/v2\/product_brand?post=39596"},{"taxonomy":"product_cat","embeddable":true,"href":"https:\/\/www.hirtenberg-apotheke.at\/katalog\/wp-json\/wp\/v2\/product_cat?post=39596"},{"taxonomy":"product_tag","embeddable":true,"href":"https:\/\/www.hirtenberg-apotheke.at\/katalog\/wp-json\/wp\/v2\/product_tag?post=39596"}],"curies":[{"name":"wp","href":"https:\/\/api.w.org\/{rel}","templated":true}]}}