{"id":39849,"date":"2025-11-26T07:45:39","date_gmt":"2025-11-26T06:45:39","guid":{"rendered":"https:\/\/www.hirtenberg-apotheke.at\/katalog\/produkt\/amitamin-m-forte-kapseln-180-st\/"},"modified":"2025-11-26T07:45:50","modified_gmt":"2025-11-26T06:45:50","slug":"amitamin-m-forte-kapseln-180-st","status":"publish","type":"product","link":"https:\/\/www.hirtenberg-apotheke.at\/katalog\/produkt\/amitamin-m-forte-kapseln-180-st\/","title":{"rendered":"AMITAMIN M Forte Kapseln 180 ST"},"content":{"rendered":"<p>amitamin M forte ist eine erg\u00e4nzende bilanzierte Di\u00e4t zum Di\u00e4tmanagement von gest\u00f6rten Gef\u00e4\u00df- und Zellfunktionen bei erektiler Dysfunktion. Die M-forte Formel enth\u00e4lt neben L-Arginin und Pinienrindenextrakt sieben weitere Mikron\u00e4hrstoffe, die u.a. einen Beitrag zum Abbau des gef\u00e4\u00dfsch\u00e4digenden Homocystein (Vitamine B6, B12, Fols\u00e4ure und Biotin) leisten und f\u00fcr einen gesunden Testosteronspiegel (Zink) notwendig sind..<\/p>\n","protected":false},"excerpt":{"rendered":"<p>amitamin M forte ist eine erg\u00e4nzende bilanzierte Di\u00e4t zum Di\u00e4tmanagement von gest\u00f6rten Gef\u00e4\u00df- und Zellfunktionen bei erektiler Dysfunktion. Die M-forte Formel enth\u00e4lt neben L-Arginin und Pinienrindenextrakt sieben weitere Mikron\u00e4hrstoffe, die u.a. einen Beitrag zum Abbau des gef\u00e4\u00dfsch\u00e4digenden Homocystein (Vitamine B6, B12, Fols\u00e4ure und Biotin) leisten und f\u00fcr einen gesunden Testosteronspiegel (Zink) notwendig sind..<\/p>\n","protected":false},"featured_media":39851,"template":"","meta":{"_acf_changed":false},"product_brand":[],"product_cat":[299],"product_tag":[],"class_list":{"0":"post-39849","1":"product","2":"type-product","3":"status-publish","4":"has-post-thumbnail","6":"product_cat-a","7":"pa_packungsgroesse-180-stueck","9":"first","10":"instock","11":"shipping-taxable","12":"purchasable","13":"product-type-simple"},"acf":[],"_links":{"self":[{"href":"https:\/\/www.hirtenberg-apotheke.at\/katalog\/wp-json\/wp\/v2\/product\/39849","targetHints":{"allow":["GET"]}}],"collection":[{"href":"https:\/\/www.hirtenberg-apotheke.at\/katalog\/wp-json\/wp\/v2\/product"}],"about":[{"href":"https:\/\/www.hirtenberg-apotheke.at\/katalog\/wp-json\/wp\/v2\/types\/product"}],"wp:featuredmedia":[{"embeddable":true,"href":"https:\/\/www.hirtenberg-apotheke.at\/katalog\/wp-json\/wp\/v2\/media\/39851"}],"wp:attachment":[{"href":"https:\/\/www.hirtenberg-apotheke.at\/katalog\/wp-json\/wp\/v2\/media?parent=39849"}],"wp:term":[{"taxonomy":"product_brand","embeddable":true,"href":"https:\/\/www.hirtenberg-apotheke.at\/katalog\/wp-json\/wp\/v2\/product_brand?post=39849"},{"taxonomy":"product_cat","embeddable":true,"href":"https:\/\/www.hirtenberg-apotheke.at\/katalog\/wp-json\/wp\/v2\/product_cat?post=39849"},{"taxonomy":"product_tag","embeddable":true,"href":"https:\/\/www.hirtenberg-apotheke.at\/katalog\/wp-json\/wp\/v2\/product_tag?post=39849"}],"curies":[{"name":"wp","href":"https:\/\/api.w.org\/{rel}","templated":true}]}}