{"id":40366,"date":"2025-11-26T07:56:12","date_gmt":"2025-11-26T06:56:12","guid":{"rendered":"https:\/\/www.hirtenberg-apotheke.at\/katalog\/produkt\/inositol-425mg-kapseln\/"},"modified":"2025-11-26T07:56:18","modified_gmt":"2025-11-26T06:56:18","slug":"inositol-425mg-kapseln","status":"publish","type":"product","link":"https:\/\/www.hirtenberg-apotheke.at\/katalog\/produkt\/inositol-425mg-kapseln\/","title":{"rendered":"Inositol 425mg Kapseln"},"content":{"rendered":"<p>Gall Pharma Inositol 425 mg Kapseln 120 Stk. haben fettl\u00f6sende Eigenschaften und unterst\u00fctzen dadurch die Mobilisierung von Depotfetten.  Weiters ist Inositol unerl\u00e4\u00dflich f\u00fcr das Haarwachstum, denn es wirkt g\u00fcnstig auf die Haargesundheit und beugt Haarausfall vor. Zus\u00e4tzlich steigert die Zufuhr von Inositol die Wirkung von Vitamin E.<\/p>\n","protected":false},"excerpt":{"rendered":"<p>Gall Pharma Inositol 425 mg Kapseln 120 Stk. haben fettl\u00f6sende Eigenschaften und unterst\u00fctzen dadurch die Mobilisierung von Depotfetten. Weiters ist Inositol unerl\u00e4\u00dflich f\u00fcr das Haarwachstum, denn es wirkt g\u00fcnstig auf die Haargesundheit und beugt Haarausfall vor. Zus\u00e4tzlich steigert die Zufuhr von Inositol die Wirkung von Vitamin E.<\/p>\n","protected":false},"featured_media":40368,"template":"","meta":{"_acf_changed":false},"product_brand":[316],"product_cat":[370],"product_tag":[],"class_list":{"0":"post-40366","1":"product","2":"type-product","3":"status-publish","4":"has-post-thumbnail","6":"product_brand-gall-pharma","7":"product_cat-i","8":"pa_packungsgroesse-120-stueck","10":"first","11":"instock","12":"shipping-taxable","13":"purchasable","14":"product-type-simple"},"acf":[],"_links":{"self":[{"href":"https:\/\/www.hirtenberg-apotheke.at\/katalog\/wp-json\/wp\/v2\/product\/40366","targetHints":{"allow":["GET"]}}],"collection":[{"href":"https:\/\/www.hirtenberg-apotheke.at\/katalog\/wp-json\/wp\/v2\/product"}],"about":[{"href":"https:\/\/www.hirtenberg-apotheke.at\/katalog\/wp-json\/wp\/v2\/types\/product"}],"wp:featuredmedia":[{"embeddable":true,"href":"https:\/\/www.hirtenberg-apotheke.at\/katalog\/wp-json\/wp\/v2\/media\/40368"}],"wp:attachment":[{"href":"https:\/\/www.hirtenberg-apotheke.at\/katalog\/wp-json\/wp\/v2\/media?parent=40366"}],"wp:term":[{"taxonomy":"product_brand","embeddable":true,"href":"https:\/\/www.hirtenberg-apotheke.at\/katalog\/wp-json\/wp\/v2\/product_brand?post=40366"},{"taxonomy":"product_cat","embeddable":true,"href":"https:\/\/www.hirtenberg-apotheke.at\/katalog\/wp-json\/wp\/v2\/product_cat?post=40366"},{"taxonomy":"product_tag","embeddable":true,"href":"https:\/\/www.hirtenberg-apotheke.at\/katalog\/wp-json\/wp\/v2\/product_tag?post=40366"}],"curies":[{"name":"wp","href":"https:\/\/api.w.org\/{rel}","templated":true}]}}