{"id":40395,"date":"2025-11-26T07:56:32","date_gmt":"2025-11-26T06:56:32","guid":{"rendered":"https:\/\/www.hirtenberg-apotheke.at\/katalog\/produkt\/inositol-pulver\/"},"modified":"2025-11-26T07:56:49","modified_gmt":"2025-11-26T06:56:49","slug":"inositol-pulver","status":"publish","type":"product","link":"https:\/\/www.hirtenberg-apotheke.at\/katalog\/produkt\/inositol-pulver\/","title":{"rendered":"Inositol Pulver"},"content":{"rendered":"<p>Gall Pharma Inositol Pulver 100 g kann vielf\u00e4ltige Eigenschaften im Organismus haben und greift in zahlreiche zellphysiologische Prozesse und Nervenfunktionen ein. Von wesentlicher Bedeutung f\u00fcr die Gesundheit des Menschen ist die kognitive und mentale Leistungsf\u00e4higkeit: als Unterst\u00fctzung daf\u00fcr kann Inositol Erinnerungsverm\u00f6gen, Aufmerksamkeit, Konzentration und Lernverm\u00f6gen g\u00fcnstig beeinflussen<\/p>\n","protected":false},"excerpt":{"rendered":"<p>Gall Pharma Inositol Pulver 100 g kann vielf\u00e4ltige Eigenschaften im Organismus haben und greift in zahlreiche zellphysiologische Prozesse und Nervenfunktionen ein. Von wesentlicher Bedeutung f\u00fcr die Gesundheit des Menschen ist die kognitive und mentale Leistungsf\u00e4higkeit: als Unterst\u00fctzung daf\u00fcr kann Inositol Erinnerungsverm\u00f6gen, Aufmerksamkeit, Konzentration und Lernverm\u00f6gen g\u00fcnstig beeinflussen<\/p>\n","protected":false},"featured_media":0,"template":"","meta":{"_acf_changed":false},"product_brand":[316],"product_cat":[370],"product_tag":[],"class_list":{"0":"post-40395","1":"product","2":"type-product","3":"status-publish","5":"product_brand-gall-pharma","6":"product_cat-i","7":"pa_packungsgroesse-100g","9":"first","10":"instock","11":"shipping-taxable","12":"purchasable","13":"product-type-simple"},"acf":[],"_links":{"self":[{"href":"https:\/\/www.hirtenberg-apotheke.at\/katalog\/wp-json\/wp\/v2\/product\/40395","targetHints":{"allow":["GET"]}}],"collection":[{"href":"https:\/\/www.hirtenberg-apotheke.at\/katalog\/wp-json\/wp\/v2\/product"}],"about":[{"href":"https:\/\/www.hirtenberg-apotheke.at\/katalog\/wp-json\/wp\/v2\/types\/product"}],"wp:attachment":[{"href":"https:\/\/www.hirtenberg-apotheke.at\/katalog\/wp-json\/wp\/v2\/media?parent=40395"}],"wp:term":[{"taxonomy":"product_brand","embeddable":true,"href":"https:\/\/www.hirtenberg-apotheke.at\/katalog\/wp-json\/wp\/v2\/product_brand?post=40395"},{"taxonomy":"product_cat","embeddable":true,"href":"https:\/\/www.hirtenberg-apotheke.at\/katalog\/wp-json\/wp\/v2\/product_cat?post=40395"},{"taxonomy":"product_tag","embeddable":true,"href":"https:\/\/www.hirtenberg-apotheke.at\/katalog\/wp-json\/wp\/v2\/product_tag?post=40395"}],"curies":[{"name":"wp","href":"https:\/\/api.w.org\/{rel}","templated":true}]}}