{"id":40399,"date":"2025-11-26T07:56:32","date_gmt":"2025-11-26T06:56:32","guid":{"rendered":"https:\/\/www.hirtenberg-apotheke.at\/katalog\/produkt\/phosphatidylserin-150mg-kapseln\/"},"modified":"2025-11-26T07:57:04","modified_gmt":"2025-11-26T06:57:04","slug":"phosphatidylserin-150mg-kapseln","status":"publish","type":"product","link":"https:\/\/www.hirtenberg-apotheke.at\/katalog\/produkt\/phosphatidylserin-150mg-kapseln\/","title":{"rendered":"Phosphatidylserin 150mg Kapseln"},"content":{"rendered":"<p>Gall Pharma Phosphatidylserin Kapseln 60 Stk. unterst\u00fctzen die Ged\u00e4chtnisleistung und verbessern die Konzentrations-, Merk- und Lernf\u00e4higkeit. Dies ist nicht nur wichtig um dem nat\u00fcrlichen Altern des Gehirns im fortgeschrittenen Lebensalter entgegenzuwirken, sondern kann auch in jungen Jahren bei Lern- und Konzentrationsschwierigkeiten eine Abhilfe schaffen. Des Weiteren wurden durch Zufuhr von Phosphatidylserin bereits Erfolge bei depressiven Verstimmungen und Hyperaktivit\u00e4t erzielt &#8211; als Standortapotheke bieten wir Ihnen 100% Sicherheit und ausschlie\u00dflich Originalprodukte!<\/p>\n","protected":false},"excerpt":{"rendered":"<p>Gall Pharma Phosphatidylserin Kapseln 60 Stk. unterst\u00fctzen die Ged\u00e4chtnisleistung und verbessern die Konzentrations-, Merk- und Lernf\u00e4higkeit. Dies ist nicht nur wichtig um dem nat\u00fcrlichen Altern des Gehirns im fortgeschrittenen Lebensalter entgegenzuwirken, sondern kann auch in jungen Jahren bei Lern- und Konzentrationsschwierigkeiten eine Abhilfe schaffen. Des Weiteren wurden durch Zufuhr von Phosphatidylserin bereits Erfolge bei depressiven [&hellip;]<\/p>\n","protected":false},"featured_media":40401,"template":"","meta":{"_acf_changed":false},"product_brand":[316],"product_cat":[302],"product_tag":[],"class_list":{"0":"post-40399","1":"product","2":"type-product","3":"status-publish","4":"has-post-thumbnail","6":"product_brand-gall-pharma","7":"product_cat-p","8":"pa_packungsgroesse-60-stueck","10":"first","11":"instock","12":"shipping-taxable","13":"purchasable","14":"product-type-simple"},"acf":[],"_links":{"self":[{"href":"https:\/\/www.hirtenberg-apotheke.at\/katalog\/wp-json\/wp\/v2\/product\/40399","targetHints":{"allow":["GET"]}}],"collection":[{"href":"https:\/\/www.hirtenberg-apotheke.at\/katalog\/wp-json\/wp\/v2\/product"}],"about":[{"href":"https:\/\/www.hirtenberg-apotheke.at\/katalog\/wp-json\/wp\/v2\/types\/product"}],"wp:featuredmedia":[{"embeddable":true,"href":"https:\/\/www.hirtenberg-apotheke.at\/katalog\/wp-json\/wp\/v2\/media\/40401"}],"wp:attachment":[{"href":"https:\/\/www.hirtenberg-apotheke.at\/katalog\/wp-json\/wp\/v2\/media?parent=40399"}],"wp:term":[{"taxonomy":"product_brand","embeddable":true,"href":"https:\/\/www.hirtenberg-apotheke.at\/katalog\/wp-json\/wp\/v2\/product_brand?post=40399"},{"taxonomy":"product_cat","embeddable":true,"href":"https:\/\/www.hirtenberg-apotheke.at\/katalog\/wp-json\/wp\/v2\/product_cat?post=40399"},{"taxonomy":"product_tag","embeddable":true,"href":"https:\/\/www.hirtenberg-apotheke.at\/katalog\/wp-json\/wp\/v2\/product_tag?post=40399"}],"curies":[{"name":"wp","href":"https:\/\/api.w.org\/{rel}","templated":true}]}}