{"id":40412,"date":"2025-11-26T07:57:03","date_gmt":"2025-11-26T06:57:03","guid":{"rendered":"https:\/\/www.hirtenberg-apotheke.at\/katalog\/produkt\/zink-kapseln-biotin-80-stk\/"},"modified":"2025-11-26T07:57:10","modified_gmt":"2025-11-26T06:57:10","slug":"zink-kapseln-biotin-80-stk","status":"publish","type":"product","link":"https:\/\/www.hirtenberg-apotheke.at\/katalog\/produkt\/zink-kapseln-biotin-80-stk\/","title":{"rendered":"Zink Kapseln Biotin 80 Stk."},"content":{"rendered":"<p>Zink Kapseln tragen zu einer normalen Funktion des Immunsystems bei. Zink wirkt positiv auf die Sehkraft und ist dar\u00fcber hinaus wichtig f\u00fcr Haut, Haare, N\u00e4gel und Knochen<\/p>\n","protected":false},"excerpt":{"rendered":"<p>Zink Kapseln tragen zu einer normalen Funktion des Immunsystems bei. Zink wirkt positiv auf die Sehkraft und ist dar\u00fcber hinaus wichtig f\u00fcr Haut, Haare, N\u00e4gel und Knochen<\/p>\n","protected":false},"featured_media":0,"template":"","meta":{"_acf_changed":false},"product_brand":[423],"product_cat":[325],"product_tag":[],"class_list":{"0":"post-40412","1":"product","2":"type-product","3":"status-publish","5":"product_brand-doskar","6":"product_cat-z","7":"pa_packungsgroesse-80-stueck","9":"first","10":"instock","11":"shipping-taxable","12":"purchasable","13":"product-type-simple"},"acf":[],"_links":{"self":[{"href":"https:\/\/www.hirtenberg-apotheke.at\/katalog\/wp-json\/wp\/v2\/product\/40412","targetHints":{"allow":["GET"]}}],"collection":[{"href":"https:\/\/www.hirtenberg-apotheke.at\/katalog\/wp-json\/wp\/v2\/product"}],"about":[{"href":"https:\/\/www.hirtenberg-apotheke.at\/katalog\/wp-json\/wp\/v2\/types\/product"}],"wp:attachment":[{"href":"https:\/\/www.hirtenberg-apotheke.at\/katalog\/wp-json\/wp\/v2\/media?parent=40412"}],"wp:term":[{"taxonomy":"product_brand","embeddable":true,"href":"https:\/\/www.hirtenberg-apotheke.at\/katalog\/wp-json\/wp\/v2\/product_brand?post=40412"},{"taxonomy":"product_cat","embeddable":true,"href":"https:\/\/www.hirtenberg-apotheke.at\/katalog\/wp-json\/wp\/v2\/product_cat?post=40412"},{"taxonomy":"product_tag","embeddable":true,"href":"https:\/\/www.hirtenberg-apotheke.at\/katalog\/wp-json\/wp\/v2\/product_tag?post=40412"}],"curies":[{"name":"wp","href":"https:\/\/api.w.org\/{rel}","templated":true}]}}