{"id":40416,"date":"2025-11-26T07:57:03","date_gmt":"2025-11-26T06:57:03","guid":{"rendered":"https:\/\/www.hirtenberg-apotheke.at\/katalog\/produkt\/metacare-selen-kapseln-60-stk\/"},"modified":"2025-11-26T07:57:24","modified_gmt":"2025-11-26T06:57:24","slug":"metacare-selen-kapseln-60-stk","status":"publish","type":"product","link":"https:\/\/www.hirtenberg-apotheke.at\/katalog\/produkt\/metacare-selen-kapseln-60-stk\/","title":{"rendered":"Metacare Selen Kapseln 60 Stk."},"content":{"rendered":"<p>Metacare Selen Kapseln sch\u00fctzen Zellen vor oxidativem Stress sorgen f\u00fcr eine normale Funktion des Immunsystems. Sie unterst\u00fctzen zudem eine normale Funktion der Schilddr\u00fcse.<\/p>\n","protected":false},"excerpt":{"rendered":"<p>Metacare Selen Kapseln sch\u00fctzen Zellen vor oxidativem Stress sorgen f\u00fcr eine normale Funktion des Immunsystems. Sie unterst\u00fctzen zudem eine normale Funktion der Schilddr\u00fcse.<\/p>\n","protected":false},"featured_media":40418,"template":"","meta":{"_acf_changed":false},"product_brand":[],"product_cat":[308],"product_tag":[],"class_list":{"0":"post-40416","1":"product","2":"type-product","3":"status-publish","4":"has-post-thumbnail","6":"product_cat-m","7":"pa_packungsgroesse-60-stueck","9":"first","10":"instock","11":"shipping-taxable","12":"purchasable","13":"product-type-simple"},"acf":[],"_links":{"self":[{"href":"https:\/\/www.hirtenberg-apotheke.at\/katalog\/wp-json\/wp\/v2\/product\/40416","targetHints":{"allow":["GET"]}}],"collection":[{"href":"https:\/\/www.hirtenberg-apotheke.at\/katalog\/wp-json\/wp\/v2\/product"}],"about":[{"href":"https:\/\/www.hirtenberg-apotheke.at\/katalog\/wp-json\/wp\/v2\/types\/product"}],"wp:featuredmedia":[{"embeddable":true,"href":"https:\/\/www.hirtenberg-apotheke.at\/katalog\/wp-json\/wp\/v2\/media\/40418"}],"wp:attachment":[{"href":"https:\/\/www.hirtenberg-apotheke.at\/katalog\/wp-json\/wp\/v2\/media?parent=40416"}],"wp:term":[{"taxonomy":"product_brand","embeddable":true,"href":"https:\/\/www.hirtenberg-apotheke.at\/katalog\/wp-json\/wp\/v2\/product_brand?post=40416"},{"taxonomy":"product_cat","embeddable":true,"href":"https:\/\/www.hirtenberg-apotheke.at\/katalog\/wp-json\/wp\/v2\/product_cat?post=40416"},{"taxonomy":"product_tag","embeddable":true,"href":"https:\/\/www.hirtenberg-apotheke.at\/katalog\/wp-json\/wp\/v2\/product_tag?post=40416"}],"curies":[{"name":"wp","href":"https:\/\/api.w.org\/{rel}","templated":true}]}}