{"id":40584,"date":"2025-11-26T08:00:28","date_gmt":"2025-11-26T07:00:28","guid":{"rendered":"https:\/\/www.hirtenberg-apotheke.at\/katalog\/produkt\/life-light-selen-aktiv-kapseln-90-stk\/"},"modified":"2025-11-26T08:00:44","modified_gmt":"2025-11-26T07:00:44","slug":"life-light-selen-aktiv-kapseln-90-stk","status":"publish","type":"product","link":"https:\/\/www.hirtenberg-apotheke.at\/katalog\/produkt\/life-light-selen-aktiv-kapseln-90-stk\/","title":{"rendered":"Life Light Selen Aktiv Kapseln 90 Stk."},"content":{"rendered":"<p>Life Light Selen Aktiv Kapseln st\u00e4rken das Immunsystem und sch\u00fctzen zudem vor freien Radikalen. Selen erf\u00fcllt im Organismus verschiedene Funktionen. So dient es etwa zur Unterst\u00fctzung der normalen Funktion des Immunsystems sowie zur Erhaltung normaler Haare und N\u00e4gel. Dar\u00fcber hinaus unterst\u00fctzt es die Funktion der Schilddr\u00fcse und dient als Unterst\u00fctzung der normalen Spermabildung.<\/p>\n","protected":false},"excerpt":{"rendered":"<p>Life Light Selen Aktiv Kapseln st\u00e4rken das Immunsystem und sch\u00fctzen zudem vor freien Radikalen. Selen erf\u00fcllt im Organismus verschiedene Funktionen. So dient es etwa zur Unterst\u00fctzung der normalen Funktion des Immunsystems sowie zur Erhaltung normaler Haare und N\u00e4gel. Dar\u00fcber hinaus unterst\u00fctzt es die Funktion der Schilddr\u00fcse und dient als Unterst\u00fctzung der normalen Spermabildung.<\/p>\n","protected":false},"featured_media":40586,"template":"","meta":{"_acf_changed":false},"product_brand":[],"product_cat":[317],"product_tag":[],"class_list":{"0":"post-40584","1":"product","2":"type-product","3":"status-publish","4":"has-post-thumbnail","6":"product_cat-l","7":"pa_packungsgroesse-90-stueck","9":"first","10":"instock","11":"shipping-taxable","12":"purchasable","13":"product-type-simple"},"acf":[],"_links":{"self":[{"href":"https:\/\/www.hirtenberg-apotheke.at\/katalog\/wp-json\/wp\/v2\/product\/40584","targetHints":{"allow":["GET"]}}],"collection":[{"href":"https:\/\/www.hirtenberg-apotheke.at\/katalog\/wp-json\/wp\/v2\/product"}],"about":[{"href":"https:\/\/www.hirtenberg-apotheke.at\/katalog\/wp-json\/wp\/v2\/types\/product"}],"wp:featuredmedia":[{"embeddable":true,"href":"https:\/\/www.hirtenberg-apotheke.at\/katalog\/wp-json\/wp\/v2\/media\/40586"}],"wp:attachment":[{"href":"https:\/\/www.hirtenberg-apotheke.at\/katalog\/wp-json\/wp\/v2\/media?parent=40584"}],"wp:term":[{"taxonomy":"product_brand","embeddable":true,"href":"https:\/\/www.hirtenberg-apotheke.at\/katalog\/wp-json\/wp\/v2\/product_brand?post=40584"},{"taxonomy":"product_cat","embeddable":true,"href":"https:\/\/www.hirtenberg-apotheke.at\/katalog\/wp-json\/wp\/v2\/product_cat?post=40584"},{"taxonomy":"product_tag","embeddable":true,"href":"https:\/\/www.hirtenberg-apotheke.at\/katalog\/wp-json\/wp\/v2\/product_tag?post=40584"}],"curies":[{"name":"wp","href":"https:\/\/api.w.org\/{rel}","templated":true}]}}