{"id":40591,"date":"2025-11-26T08:00:28","date_gmt":"2025-11-26T07:00:28","guid":{"rendered":"https:\/\/www.hirtenberg-apotheke.at\/katalog\/produkt\/niacin-100mg-kapseln-2\/"},"modified":"2025-11-26T08:00:48","modified_gmt":"2025-11-26T07:00:48","slug":"niacin-100mg-kapseln-2","status":"publish","type":"product","link":"https:\/\/www.hirtenberg-apotheke.at\/katalog\/produkt\/niacin-100mg-kapseln-2\/","title":{"rendered":"Niacin 100mg Kapseln"},"content":{"rendered":"<p>Gall Pharma Niacin 100 mg Kapseln 120 Stk. enthalten 100 mg Nicotins\u00e4ure in einer Hartgelatinekapsel. Niacin hat vielf\u00e4ltige Funktionen im menschlichen K\u00f6rper und ist entscheidend f\u00fcr die Funktionen des Herzens, der Nerven und den Energiestoffwechsel. Zus\u00e4tzlich kann es eine Absenkung der Blutfettwerte erwirken. Niacin ist am Auf- und Abbau von Kohlenhydraten, Fetts\u00e4uren und Aminos\u00e4uren beteiligt und ist zudem wichtig f\u00fcr den Energiehaushalt der Zelle \u2013 profitieren Sie von hohen Rabatten und dem gro\u00dfen Sortiment einer Standortapotheke!<\/p>\n","protected":false},"excerpt":{"rendered":"<p>Gall Pharma Niacin 100 mg Kapseln 120 Stk. enthalten 100 mg Nicotins\u00e4ure in einer Hartgelatinekapsel. Niacin hat vielf\u00e4ltige Funktionen im menschlichen K\u00f6rper und ist entscheidend f\u00fcr die Funktionen des Herzens, der Nerven und den Energiestoffwechsel. Zus\u00e4tzlich kann es eine Absenkung der Blutfettwerte erwirken. Niacin ist am Auf- und Abbau von Kohlenhydraten, Fetts\u00e4uren und Aminos\u00e4uren beteiligt [&hellip;]<\/p>\n","protected":false},"featured_media":0,"template":"","meta":{"_acf_changed":false},"product_brand":[316],"product_cat":[310],"product_tag":[],"class_list":{"0":"post-40591","1":"product","2":"type-product","3":"status-publish","5":"product_brand-gall-pharma","6":"product_cat-n","7":"pa_packungsgroesse-120-stueck","9":"first","10":"instock","11":"shipping-taxable","12":"purchasable","13":"product-type-simple"},"acf":[],"_links":{"self":[{"href":"https:\/\/www.hirtenberg-apotheke.at\/katalog\/wp-json\/wp\/v2\/product\/40591","targetHints":{"allow":["GET"]}}],"collection":[{"href":"https:\/\/www.hirtenberg-apotheke.at\/katalog\/wp-json\/wp\/v2\/product"}],"about":[{"href":"https:\/\/www.hirtenberg-apotheke.at\/katalog\/wp-json\/wp\/v2\/types\/product"}],"wp:attachment":[{"href":"https:\/\/www.hirtenberg-apotheke.at\/katalog\/wp-json\/wp\/v2\/media?parent=40591"}],"wp:term":[{"taxonomy":"product_brand","embeddable":true,"href":"https:\/\/www.hirtenberg-apotheke.at\/katalog\/wp-json\/wp\/v2\/product_brand?post=40591"},{"taxonomy":"product_cat","embeddable":true,"href":"https:\/\/www.hirtenberg-apotheke.at\/katalog\/wp-json\/wp\/v2\/product_cat?post=40591"},{"taxonomy":"product_tag","embeddable":true,"href":"https:\/\/www.hirtenberg-apotheke.at\/katalog\/wp-json\/wp\/v2\/product_tag?post=40591"}],"curies":[{"name":"wp","href":"https:\/\/api.w.org\/{rel}","templated":true}]}}