{"id":41843,"date":"2025-11-26T08:25:53","date_gmt":"2025-11-26T07:25:53","guid":{"rendered":"https:\/\/www.hirtenberg-apotheke.at\/katalog\/produkt\/vichy-liftactiv-flexilift-teint-make-up-nr-35-sand\/"},"modified":"2025-11-26T08:29:30","modified_gmt":"2025-11-26T07:29:30","slug":"vichy-liftactiv-flexilift-teint-make-up-nr-35-sand","status":"publish","type":"product","link":"https:\/\/www.hirtenberg-apotheke.at\/katalog\/produkt\/vichy-liftactiv-flexilift-teint-make-up-nr-35-sand\/","title":{"rendered":"Vichy LIFTACTIV Flexilift Teint Make-Up Nr.35 sand"},"content":{"rendered":"<p>VICHY Liftactiv Flexiteint ist ein Make-up mit Lifting Effekt. Speziell bei Falten, F\u00e4ltchen und m\u00fcdem Teint verhilft es zu einem frischen und strahlenden Aussehen. Gleichzeitig sch\u00fctzt das Make-up mit einem Lichtschutzfaktor von 20 vor vorzeitiger lichtbedingter Hautalterung durch UV-Strahlung. VICHY Liftactiv Flexiteint ist f\u00fcr alle Hauttypen geeignet. Hypoallergene Formulierung ohne Alkohol. Falten werden sofort optisch gemildert. Der Teint wirkt gleichm\u00e4\u00dfig und strahlend, wie frisch erholt. Der Lifting-Effekt h\u00e4lt den ganzen Tag \u00fcber an, ohne unerw\u00fcnschten Maskeneffekt..<\/p>\n","protected":false},"excerpt":{"rendered":"<p>VICHY Liftactiv Flexiteint ist ein Make-up mit Lifting Effekt. Speziell bei Falten, F\u00e4ltchen und m\u00fcdem Teint verhilft es zu einem frischen und strahlenden Aussehen. Gleichzeitig sch\u00fctzt das Make-up mit einem Lichtschutzfaktor von 20 vor vorzeitiger lichtbedingter Hautalterung durch UV-Strahlung. VICHY Liftactiv Flexiteint ist f\u00fcr alle Hauttypen geeignet. Hypoallergene Formulierung ohne Alkohol. Falten werden sofort optisch [&hellip;]<\/p>\n","protected":false},"featured_media":0,"template":"","meta":{"_acf_changed":false},"product_brand":[691],"product_cat":[300],"product_tag":[],"class_list":{"0":"post-41843","1":"product","2":"type-product","3":"status-publish","5":"product_brand-vichy","6":"product_cat-v","7":"pa_farbe-25-nude","8":"pa_farbe-35-sand","9":"pa_farbe-45-gold","10":"pa_packungsgroesse-30ml","12":"first","13":"instock","14":"shipping-taxable","15":"purchasable","16":"product-type-simple"},"acf":[],"_links":{"self":[{"href":"https:\/\/www.hirtenberg-apotheke.at\/katalog\/wp-json\/wp\/v2\/product\/41843","targetHints":{"allow":["GET"]}}],"collection":[{"href":"https:\/\/www.hirtenberg-apotheke.at\/katalog\/wp-json\/wp\/v2\/product"}],"about":[{"href":"https:\/\/www.hirtenberg-apotheke.at\/katalog\/wp-json\/wp\/v2\/types\/product"}],"wp:attachment":[{"href":"https:\/\/www.hirtenberg-apotheke.at\/katalog\/wp-json\/wp\/v2\/media?parent=41843"}],"wp:term":[{"taxonomy":"product_brand","embeddable":true,"href":"https:\/\/www.hirtenberg-apotheke.at\/katalog\/wp-json\/wp\/v2\/product_brand?post=41843"},{"taxonomy":"product_cat","embeddable":true,"href":"https:\/\/www.hirtenberg-apotheke.at\/katalog\/wp-json\/wp\/v2\/product_cat?post=41843"},{"taxonomy":"product_tag","embeddable":true,"href":"https:\/\/www.hirtenberg-apotheke.at\/katalog\/wp-json\/wp\/v2\/product_tag?post=41843"}],"curies":[{"name":"wp","href":"https:\/\/api.w.org\/{rel}","templated":true}]}}