{"id":42083,"date":"2025-11-26T08:30:59","date_gmt":"2025-11-26T07:30:59","guid":{"rendered":"https:\/\/www.hirtenberg-apotheke.at\/katalog\/produkt\/apremia-vitamin-b-komplex-kapseln-30-stk\/"},"modified":"2025-11-26T08:31:10","modified_gmt":"2025-11-26T07:31:10","slug":"apremia-vitamin-b-komplex-kapseln-30-stk","status":"publish","type":"product","link":"https:\/\/www.hirtenberg-apotheke.at\/katalog\/produkt\/apremia-vitamin-b-komplex-kapseln-30-stk\/","title":{"rendered":"Apremia Vitamin B-Komplex Kapseln 30 Stk."},"content":{"rendered":"<p>Apremia Vitamin B-Komplex Kapseln enthalten zus\u00e4tzlich zu den acht Vitaminen der Gruppe B noch Inositol und Cholin. Der Komplex tr\u00e4gt unter anderem zu einer normalen Funktion des Nerven- und Immunsystems, sowie zur Verringerung von M\u00fcdigkeit und Erm\u00fcdung bei.<\/p>\n","protected":false},"excerpt":{"rendered":"<p>Apremia Vitamin B-Komplex Kapseln enthalten zus\u00e4tzlich zu den acht Vitaminen der Gruppe B noch Inositol und Cholin. Der Komplex tr\u00e4gt unter anderem zu einer normalen Funktion des Nerven- und Immunsystems, sowie zur Verringerung von M\u00fcdigkeit und Erm\u00fcdung bei.<\/p>\n","protected":false},"featured_media":42085,"template":"","meta":{"_acf_changed":false},"product_brand":[407],"product_cat":[299],"product_tag":[],"class_list":{"0":"post-42083","1":"product","2":"type-product","3":"status-publish","4":"has-post-thumbnail","6":"product_brand-apremia","7":"product_cat-a","8":"pa_packungsgroesse-30-stueck","10":"first","11":"instock","12":"shipping-taxable","13":"purchasable","14":"product-type-simple"},"acf":[],"_links":{"self":[{"href":"https:\/\/www.hirtenberg-apotheke.at\/katalog\/wp-json\/wp\/v2\/product\/42083","targetHints":{"allow":["GET"]}}],"collection":[{"href":"https:\/\/www.hirtenberg-apotheke.at\/katalog\/wp-json\/wp\/v2\/product"}],"about":[{"href":"https:\/\/www.hirtenberg-apotheke.at\/katalog\/wp-json\/wp\/v2\/types\/product"}],"wp:featuredmedia":[{"embeddable":true,"href":"https:\/\/www.hirtenberg-apotheke.at\/katalog\/wp-json\/wp\/v2\/media\/42085"}],"wp:attachment":[{"href":"https:\/\/www.hirtenberg-apotheke.at\/katalog\/wp-json\/wp\/v2\/media?parent=42083"}],"wp:term":[{"taxonomy":"product_brand","embeddable":true,"href":"https:\/\/www.hirtenberg-apotheke.at\/katalog\/wp-json\/wp\/v2\/product_brand?post=42083"},{"taxonomy":"product_cat","embeddable":true,"href":"https:\/\/www.hirtenberg-apotheke.at\/katalog\/wp-json\/wp\/v2\/product_cat?post=42083"},{"taxonomy":"product_tag","embeddable":true,"href":"https:\/\/www.hirtenberg-apotheke.at\/katalog\/wp-json\/wp\/v2\/product_tag?post=42083"}],"curies":[{"name":"wp","href":"https:\/\/api.w.org\/{rel}","templated":true}]}}