{"id":42218,"date":"2025-11-26T08:55:43","date_gmt":"2025-11-26T07:55:43","guid":{"rendered":"https:\/\/www.hirtenberg-apotheke.at\/katalog\/produkt\/nailner-nagelpilz-stift-2-in-1-4-ml\/"},"modified":"2025-11-26T08:55:53","modified_gmt":"2025-11-26T07:55:53","slug":"nailner-nagelpilz-stift-2-in-1-4-ml","status":"publish","type":"product","link":"https:\/\/www.hirtenberg-apotheke.at\/katalog\/produkt\/nailner-nagelpilz-stift-2-in-1-4-ml\/","title":{"rendered":"Nailner Nagelpilz Stift 2 IN 1 4 ml"},"content":{"rendered":"<p>Nailner Nagelpilz Stift 2 IN 1 bek\u00e4mpft nicht nur Nagelpilz, sondern verbessert auch das Erscheinungsbild Ihrer N\u00e4gel. Der Nagelpilz Stift enth\u00e4lt einen aufhellenden Inhaltsstoff, welcher dabei hilft, das Erscheinungsbild des betroffenen Nagels innerhalb von 7 Tagen zu verbessern. Nailner dringt in die Keratinschicht des betroffenen Nagels ein und reduziert den pH-Wert. Die Umgebung des Nagels wird zu Ungunsten des Pilzes ver\u00e4ndert und dadurch die Ausbreitung des Pilzes gestoppt &#8211; dieses und viele weitere Markenprodukte zu Sonderpreisen bestellen!<\/p>\n","protected":false},"excerpt":{"rendered":"<p>Nailner Nagelpilz Stift 2 IN 1 bek\u00e4mpft nicht nur Nagelpilz, sondern verbessert auch das Erscheinungsbild Ihrer N\u00e4gel. Der Nagelpilz Stift enth\u00e4lt einen aufhellenden Inhaltsstoff, welcher dabei hilft, das Erscheinungsbild des betroffenen Nagels innerhalb von 7 Tagen zu verbessern. Nailner dringt in die Keratinschicht des betroffenen Nagels ein und reduziert den pH-Wert. Die Umgebung des Nagels [&hellip;]<\/p>\n","protected":false},"featured_media":0,"template":"","meta":{"_acf_changed":false},"product_brand":[],"product_cat":[310],"product_tag":[],"class_list":{"0":"post-42218","1":"product","2":"type-product","3":"status-publish","5":"product_cat-n","6":"pa_packungsgroesse-1-stueck","8":"first","9":"instock","10":"shipping-taxable","11":"purchasable","12":"product-type-simple"},"acf":[],"_links":{"self":[{"href":"https:\/\/www.hirtenberg-apotheke.at\/katalog\/wp-json\/wp\/v2\/product\/42218","targetHints":{"allow":["GET"]}}],"collection":[{"href":"https:\/\/www.hirtenberg-apotheke.at\/katalog\/wp-json\/wp\/v2\/product"}],"about":[{"href":"https:\/\/www.hirtenberg-apotheke.at\/katalog\/wp-json\/wp\/v2\/types\/product"}],"wp:attachment":[{"href":"https:\/\/www.hirtenberg-apotheke.at\/katalog\/wp-json\/wp\/v2\/media?parent=42218"}],"wp:term":[{"taxonomy":"product_brand","embeddable":true,"href":"https:\/\/www.hirtenberg-apotheke.at\/katalog\/wp-json\/wp\/v2\/product_brand?post=42218"},{"taxonomy":"product_cat","embeddable":true,"href":"https:\/\/www.hirtenberg-apotheke.at\/katalog\/wp-json\/wp\/v2\/product_cat?post=42218"},{"taxonomy":"product_tag","embeddable":true,"href":"https:\/\/www.hirtenberg-apotheke.at\/katalog\/wp-json\/wp\/v2\/product_tag?post=42218"}],"curies":[{"name":"wp","href":"https:\/\/api.w.org\/{rel}","templated":true}]}}