{"id":42243,"date":"2025-11-26T08:56:12","date_gmt":"2025-11-26T07:56:12","guid":{"rendered":"https:\/\/www.hirtenberg-apotheke.at\/katalog\/produkt\/arlberger-apotheker-fruchtsaft-baerchen-kleine-baeren-2\/"},"modified":"2025-11-26T08:56:20","modified_gmt":"2025-11-26T07:56:20","slug":"arlberger-apotheker-fruchtsaft-baerchen-kleine-baeren-2","status":"publish","type":"product","link":"https:\/\/www.hirtenberg-apotheke.at\/katalog\/produkt\/arlberger-apotheker-fruchtsaft-baerchen-kleine-baeren-2\/","title":{"rendered":"Arlberger Apotheker Fruchtsaft-B\u00e4rchen kleine B\u00e4ren"},"content":{"rendered":"<p>Bereiten Sie einem lieben Menschen oder sich selbst eine Freude mit unseren k\u00f6stlich saftigen Fruchtsaftb\u00e4rchen.<\/p>\n<p>&#13;<\/p>\n<p>Hergestellt mit nat\u00fcrlichem Vitamin C der Acerola Kirsche, viel Fruchtsaftanteil und ganz ohne Konservierungsstoffe kann man sie ohne schlechtes Gewissen naschen.\u00a0<\/p>\n<p>&#13;<\/p>\n<p>Und weil sie so gut sind, kann man sie in vielen \u00f6sterreichischen Apotheken finden&#8230; dort werden die S\u00e4ckchen noch in Handarbeit einzeln beklebt, bevor sie in den Verkauf kommen. Auch wenn unsere Fruchtsaftb\u00e4rchen etwas teurer sind als andere Gummib\u00e4rchen &#8211; wir finden, es sind auch die besten B\u00e4rchen!<\/p>\n","protected":false},"excerpt":{"rendered":"<p>Bereiten Sie einem lieben Menschen oder sich selbst eine Freude mit unseren k\u00f6stlich saftigen Fruchtsaftb\u00e4rchen. &#13; Hergestellt mit nat\u00fcrlichem Vitamin C der Acerola Kirsche, viel Fruchtsaftanteil und ganz ohne Konservierungsstoffe kann man sie ohne schlechtes Gewissen naschen.\u00a0 &#13; Und weil sie so gut sind, kann man sie in vielen \u00f6sterreichischen Apotheken finden&#8230; dort werden die [&hellip;]<\/p>\n","protected":false},"featured_media":42245,"template":"","meta":{"_acf_changed":false},"product_brand":[996],"product_cat":[299],"product_tag":[],"class_list":{"0":"post-42243","1":"product","2":"type-product","3":"status-publish","4":"has-post-thumbnail","6":"product_brand-bano","7":"product_cat-a","8":"pa_packungsgroesse-500g","10":"first","11":"instock","12":"shipping-taxable","13":"purchasable","14":"product-type-simple"},"acf":[],"_links":{"self":[{"href":"https:\/\/www.hirtenberg-apotheke.at\/katalog\/wp-json\/wp\/v2\/product\/42243","targetHints":{"allow":["GET"]}}],"collection":[{"href":"https:\/\/www.hirtenberg-apotheke.at\/katalog\/wp-json\/wp\/v2\/product"}],"about":[{"href":"https:\/\/www.hirtenberg-apotheke.at\/katalog\/wp-json\/wp\/v2\/types\/product"}],"wp:featuredmedia":[{"embeddable":true,"href":"https:\/\/www.hirtenberg-apotheke.at\/katalog\/wp-json\/wp\/v2\/media\/42245"}],"wp:attachment":[{"href":"https:\/\/www.hirtenberg-apotheke.at\/katalog\/wp-json\/wp\/v2\/media?parent=42243"}],"wp:term":[{"taxonomy":"product_brand","embeddable":true,"href":"https:\/\/www.hirtenberg-apotheke.at\/katalog\/wp-json\/wp\/v2\/product_brand?post=42243"},{"taxonomy":"product_cat","embeddable":true,"href":"https:\/\/www.hirtenberg-apotheke.at\/katalog\/wp-json\/wp\/v2\/product_cat?post=42243"},{"taxonomy":"product_tag","embeddable":true,"href":"https:\/\/www.hirtenberg-apotheke.at\/katalog\/wp-json\/wp\/v2\/product_tag?post=42243"}],"curies":[{"name":"wp","href":"https:\/\/api.w.org\/{rel}","templated":true}]}}