{"id":42353,"date":"2025-11-26T08:58:18","date_gmt":"2025-11-26T07:58:18","guid":{"rendered":"https:\/\/www.hirtenberg-apotheke.at\/katalog\/produkt\/vichy-dermablend-3d-korrigierendes-make-up-25-nude\/"},"modified":"2025-11-26T08:58:23","modified_gmt":"2025-11-26T07:58:23","slug":"vichy-dermablend-3d-korrigierendes-make-up-25-nude","status":"publish","type":"product","link":"https:\/\/www.hirtenberg-apotheke.at\/katalog\/produkt\/vichy-dermablend-3d-korrigierendes-make-up-25-nude\/","title":{"rendered":"Vichy DERMABLEND 3D korrigierendes Make-Up 25 Nude"},"content":{"rendered":"<p>VICHY Dermablend 3D Correction  &#8211; Zum Abdecken von leichten bis hin zu starken Unreinheiten, Pickelmalen und erweiterten Poren. Hohe Deckkraft, deckt selbst stark sichtbare Makel ab, ohne Maskeneffekt und gleicht eine unregelm\u00e4\u00dfige Hautoberfl\u00e4che optisch aus.<\/p>\n","protected":false},"excerpt":{"rendered":"<p>VICHY Dermablend 3D Correction &#8211; Zum Abdecken von leichten bis hin zu starken Unreinheiten, Pickelmalen und erweiterten Poren. Hohe Deckkraft, deckt selbst stark sichtbare Makel ab, ohne Maskeneffekt und gleicht eine unregelm\u00e4\u00dfige Hautoberfl\u00e4che optisch aus.<\/p>\n","protected":false},"featured_media":0,"template":"","meta":{"_acf_changed":false},"product_brand":[691],"product_cat":[300],"product_tag":[],"class_list":{"0":"post-42353","1":"product","2":"type-product","3":"status-publish","5":"product_brand-vichy","6":"product_cat-v","7":"pa_packungsgroesse-30ml","9":"first","10":"instock","11":"shipping-taxable","12":"purchasable","13":"product-type-simple"},"acf":[],"_links":{"self":[{"href":"https:\/\/www.hirtenberg-apotheke.at\/katalog\/wp-json\/wp\/v2\/product\/42353","targetHints":{"allow":["GET"]}}],"collection":[{"href":"https:\/\/www.hirtenberg-apotheke.at\/katalog\/wp-json\/wp\/v2\/product"}],"about":[{"href":"https:\/\/www.hirtenberg-apotheke.at\/katalog\/wp-json\/wp\/v2\/types\/product"}],"wp:attachment":[{"href":"https:\/\/www.hirtenberg-apotheke.at\/katalog\/wp-json\/wp\/v2\/media?parent=42353"}],"wp:term":[{"taxonomy":"product_brand","embeddable":true,"href":"https:\/\/www.hirtenberg-apotheke.at\/katalog\/wp-json\/wp\/v2\/product_brand?post=42353"},{"taxonomy":"product_cat","embeddable":true,"href":"https:\/\/www.hirtenberg-apotheke.at\/katalog\/wp-json\/wp\/v2\/product_cat?post=42353"},{"taxonomy":"product_tag","embeddable":true,"href":"https:\/\/www.hirtenberg-apotheke.at\/katalog\/wp-json\/wp\/v2\/product_tag?post=42353"}],"curies":[{"name":"wp","href":"https:\/\/api.w.org\/{rel}","templated":true}]}}