{"id":42615,"date":"2025-11-26T09:03:11","date_gmt":"2025-11-26T08:03:11","guid":{"rendered":"https:\/\/www.hirtenberg-apotheke.at\/katalog\/produkt\/dermaplast-active-hot-cold-gel-kompresse-13-x-14-cm\/"},"modified":"2025-11-26T09:03:29","modified_gmt":"2025-11-26T08:03:29","slug":"dermaplast-active-hot-cold-gel-kompresse-13-x-14-cm","status":"publish","type":"product","link":"https:\/\/www.hirtenberg-apotheke.at\/katalog\/produkt\/dermaplast-active-hot-cold-gel-kompresse-13-x-14-cm\/","title":{"rendered":"DermaPlast ACTIVE Hot\/Cold Gel-Kompresse 13 x 14 cm"},"content":{"rendered":"<p>DermaPlast\u00ae ACTIVE Hot\/Cold Gel-Kompresse 13 x 14 cm dient, im K\u00fchlfach gelagert, als K\u00fchlung bei Bluterg\u00fcssen, Fieber, Prellungen oder Verstauchungen. Die erw\u00e4rmte Kompresse hilft bei Hexenschuss, Menstruationsbeschwerden, Verk\u00fchlungen oder R\u00fcckenschmerzen. Die praktische, wiederverwendbare Kalt-Warm-Kompresse kann mit Hilfe der integrierten Fixationshilfe ganz einfach der betroffenen K\u00f6rperstelle angepasst werden.<\/p>\n","protected":false},"excerpt":{"rendered":"<p>DermaPlast\u00ae ACTIVE Hot\/Cold Gel-Kompresse 13 x 14 cm dient, im K\u00fchlfach gelagert, als K\u00fchlung bei Bluterg\u00fcssen, Fieber, Prellungen oder Verstauchungen. Die erw\u00e4rmte Kompresse hilft bei Hexenschuss, Menstruationsbeschwerden, Verk\u00fchlungen oder R\u00fcckenschmerzen. Die praktische, wiederverwendbare Kalt-Warm-Kompresse kann mit Hilfe der integrierten Fixationshilfe ganz einfach der betroffenen K\u00f6rperstelle angepasst werden.<\/p>\n","protected":false},"featured_media":42617,"template":"","meta":{"_acf_changed":false},"product_brand":[],"product_cat":[295],"product_tag":[],"class_list":{"0":"post-42615","1":"product","2":"type-product","3":"status-publish","4":"has-post-thumbnail","6":"product_cat-d","7":"pa_packungsgroesse-1-stueck","9":"first","10":"instock","11":"shipping-taxable","12":"purchasable","13":"product-type-simple"},"acf":[],"_links":{"self":[{"href":"https:\/\/www.hirtenberg-apotheke.at\/katalog\/wp-json\/wp\/v2\/product\/42615","targetHints":{"allow":["GET"]}}],"collection":[{"href":"https:\/\/www.hirtenberg-apotheke.at\/katalog\/wp-json\/wp\/v2\/product"}],"about":[{"href":"https:\/\/www.hirtenberg-apotheke.at\/katalog\/wp-json\/wp\/v2\/types\/product"}],"wp:featuredmedia":[{"embeddable":true,"href":"https:\/\/www.hirtenberg-apotheke.at\/katalog\/wp-json\/wp\/v2\/media\/42617"}],"wp:attachment":[{"href":"https:\/\/www.hirtenberg-apotheke.at\/katalog\/wp-json\/wp\/v2\/media?parent=42615"}],"wp:term":[{"taxonomy":"product_brand","embeddable":true,"href":"https:\/\/www.hirtenberg-apotheke.at\/katalog\/wp-json\/wp\/v2\/product_brand?post=42615"},{"taxonomy":"product_cat","embeddable":true,"href":"https:\/\/www.hirtenberg-apotheke.at\/katalog\/wp-json\/wp\/v2\/product_cat?post=42615"},{"taxonomy":"product_tag","embeddable":true,"href":"https:\/\/www.hirtenberg-apotheke.at\/katalog\/wp-json\/wp\/v2\/product_tag?post=42615"}],"curies":[{"name":"wp","href":"https:\/\/api.w.org\/{rel}","templated":true}]}}