{"id":43722,"date":"2025-11-26T09:22:28","date_gmt":"2025-11-26T08:22:28","guid":{"rendered":"https:\/\/www.hirtenberg-apotheke.at\/katalog\/produkt\/hylo-vision-hd-augentropfen-15-ml-2-stk\/"},"modified":"2025-11-26T09:22:44","modified_gmt":"2025-11-26T08:22:44","slug":"hylo-vision-hd-augentropfen-15-ml-2-stk","status":"publish","type":"product","link":"https:\/\/www.hirtenberg-apotheke.at\/katalog\/produkt\/hylo-vision-hd-augentropfen-15-ml-2-stk\/","title":{"rendered":"Hylo-Vision HD Augentropfen 15 ml 2 Stk."},"content":{"rendered":"<p>Hylo-Vision HD sind Augentropfen mit Hyalurons\u00e4ure zur Benetzung f\u00fcr trockene Augen. Die Tropfen sch\u00fctzen und befeuchten die Augenoberfl\u00e4che und machen sie wieder gleitf\u00e4hig. Das Trockenheitsgef\u00fchl wird gelindert und leichte Reizungen des Auges, die sich dur Brennen der Augen \u00e4u\u00dfern k\u00f6nnen, werden beruhigt..<\/p>\n","protected":false},"excerpt":{"rendered":"<p>Hylo-Vision HD sind Augentropfen mit Hyalurons\u00e4ure zur Benetzung f\u00fcr trockene Augen. Die Tropfen sch\u00fctzen und befeuchten die Augenoberfl\u00e4che und machen sie wieder gleitf\u00e4hig. Das Trockenheitsgef\u00fchl wird gelindert und leichte Reizungen des Auges, die sich dur Brennen der Augen \u00e4u\u00dfern k\u00f6nnen, werden beruhigt..<\/p>\n","protected":false},"featured_media":43724,"template":"","meta":{"_acf_changed":false},"product_brand":[],"product_cat":[330],"product_tag":[],"class_list":{"0":"post-43722","1":"product","2":"type-product","3":"status-publish","4":"has-post-thumbnail","6":"product_cat-h","7":"pa_packungsgroesse-2-stueck","9":"first","10":"instock","11":"shipping-taxable","12":"purchasable","13":"product-type-simple"},"acf":[],"_links":{"self":[{"href":"https:\/\/www.hirtenberg-apotheke.at\/katalog\/wp-json\/wp\/v2\/product\/43722","targetHints":{"allow":["GET"]}}],"collection":[{"href":"https:\/\/www.hirtenberg-apotheke.at\/katalog\/wp-json\/wp\/v2\/product"}],"about":[{"href":"https:\/\/www.hirtenberg-apotheke.at\/katalog\/wp-json\/wp\/v2\/types\/product"}],"wp:featuredmedia":[{"embeddable":true,"href":"https:\/\/www.hirtenberg-apotheke.at\/katalog\/wp-json\/wp\/v2\/media\/43724"}],"wp:attachment":[{"href":"https:\/\/www.hirtenberg-apotheke.at\/katalog\/wp-json\/wp\/v2\/media?parent=43722"}],"wp:term":[{"taxonomy":"product_brand","embeddable":true,"href":"https:\/\/www.hirtenberg-apotheke.at\/katalog\/wp-json\/wp\/v2\/product_brand?post=43722"},{"taxonomy":"product_cat","embeddable":true,"href":"https:\/\/www.hirtenberg-apotheke.at\/katalog\/wp-json\/wp\/v2\/product_cat?post=43722"},{"taxonomy":"product_tag","embeddable":true,"href":"https:\/\/www.hirtenberg-apotheke.at\/katalog\/wp-json\/wp\/v2\/product_tag?post=43722"}],"curies":[{"name":"wp","href":"https:\/\/api.w.org\/{rel}","templated":true}]}}