{"id":44556,"date":"2025-11-26T09:38:29","date_gmt":"2025-11-26T08:38:29","guid":{"rendered":"https:\/\/www.hirtenberg-apotheke.at\/katalog\/produkt\/lactibian-cand-10m-28-stk\/"},"modified":"2025-11-26T09:38:41","modified_gmt":"2025-11-26T08:38:41","slug":"lactibian-cand-10m-28-stk","status":"publish","type":"product","link":"https:\/\/www.hirtenberg-apotheke.at\/katalog\/produkt\/lactibian-cand-10m-28-stk\/","title":{"rendered":"LACTIBIAN Cand 10M 28 Stk."},"content":{"rendered":"<p>Lactibian Cand 10M Kapseln sind eine probiotische Nahrungserg\u00e4nzung zur St\u00e4rkung der intestinalen Flora und zur Unterst\u00fctzung der Gesunderhaltung des Intimbereichs durch Hemmung von Candida.<\/p>\n","protected":false},"excerpt":{"rendered":"<p>Lactibian Cand 10M Kapseln sind eine probiotische Nahrungserg\u00e4nzung zur St\u00e4rkung der intestinalen Flora und zur Unterst\u00fctzung der Gesunderhaltung des Intimbereichs durch Hemmung von Candida.<\/p>\n","protected":false},"featured_media":44558,"template":"","meta":{"_acf_changed":false},"product_brand":[],"product_cat":[317],"product_tag":[],"class_list":{"0":"post-44556","1":"product","2":"type-product","3":"status-publish","4":"has-post-thumbnail","6":"product_cat-l","7":"pa_packungsgroesse-28-stueck","9":"first","10":"instock","11":"shipping-taxable","12":"purchasable","13":"product-type-simple"},"acf":[],"_links":{"self":[{"href":"https:\/\/www.hirtenberg-apotheke.at\/katalog\/wp-json\/wp\/v2\/product\/44556","targetHints":{"allow":["GET"]}}],"collection":[{"href":"https:\/\/www.hirtenberg-apotheke.at\/katalog\/wp-json\/wp\/v2\/product"}],"about":[{"href":"https:\/\/www.hirtenberg-apotheke.at\/katalog\/wp-json\/wp\/v2\/types\/product"}],"wp:featuredmedia":[{"embeddable":true,"href":"https:\/\/www.hirtenberg-apotheke.at\/katalog\/wp-json\/wp\/v2\/media\/44558"}],"wp:attachment":[{"href":"https:\/\/www.hirtenberg-apotheke.at\/katalog\/wp-json\/wp\/v2\/media?parent=44556"}],"wp:term":[{"taxonomy":"product_brand","embeddable":true,"href":"https:\/\/www.hirtenberg-apotheke.at\/katalog\/wp-json\/wp\/v2\/product_brand?post=44556"},{"taxonomy":"product_cat","embeddable":true,"href":"https:\/\/www.hirtenberg-apotheke.at\/katalog\/wp-json\/wp\/v2\/product_cat?post=44556"},{"taxonomy":"product_tag","embeddable":true,"href":"https:\/\/www.hirtenberg-apotheke.at\/katalog\/wp-json\/wp\/v2\/product_tag?post=44556"}],"curies":[{"name":"wp","href":"https:\/\/api.w.org\/{rel}","templated":true}]}}