{"id":44762,"date":"2025-11-26T09:42:33","date_gmt":"2025-11-26T08:42:33","guid":{"rendered":"https:\/\/www.hirtenberg-apotheke.at\/katalog\/produkt\/lactibian-toleranz-10m-30-stk\/"},"modified":"2025-11-26T09:43:00","modified_gmt":"2025-11-26T08:43:00","slug":"lactibian-toleranz-10m-30-stk","status":"publish","type":"product","link":"https:\/\/www.hirtenberg-apotheke.at\/katalog\/produkt\/lactibian-toleranz-10m-30-stk\/","title":{"rendered":"LACTIBIAN Toleranz 10M 30 Stk."},"content":{"rendered":"<p>Lactibian Toleranz 10M enth\u00e4lt jene Milchs\u00e4urebakterien, die dabei unterst\u00fctzen k\u00f6nnen, die normale Anzahl an Milchs\u00e4urebakterien wiederherzustellen. Milchs\u00e4urebakterien sind nicht alle genau gleich, daher ist gerade die richtige Auswahl und Kombination von St\u00e4mmen, Menge, und Darreichungsform besonders wichtig.<\/p>\n","protected":false},"excerpt":{"rendered":"<p>Lactibian Toleranz 10M enth\u00e4lt jene Milchs\u00e4urebakterien, die dabei unterst\u00fctzen k\u00f6nnen, die normale Anzahl an Milchs\u00e4urebakterien wiederherzustellen. Milchs\u00e4urebakterien sind nicht alle genau gleich, daher ist gerade die richtige Auswahl und Kombination von St\u00e4mmen, Menge, und Darreichungsform besonders wichtig.<\/p>\n","protected":false},"featured_media":0,"template":"","meta":{"_acf_changed":false},"product_brand":[],"product_cat":[317],"product_tag":[],"class_list":{"0":"post-44762","1":"product","2":"type-product","3":"status-publish","5":"product_cat-l","6":"pa_packungsgroesse-30-stueck","8":"first","9":"instock","10":"shipping-taxable","11":"purchasable","12":"product-type-simple"},"acf":[],"_links":{"self":[{"href":"https:\/\/www.hirtenberg-apotheke.at\/katalog\/wp-json\/wp\/v2\/product\/44762","targetHints":{"allow":["GET"]}}],"collection":[{"href":"https:\/\/www.hirtenberg-apotheke.at\/katalog\/wp-json\/wp\/v2\/product"}],"about":[{"href":"https:\/\/www.hirtenberg-apotheke.at\/katalog\/wp-json\/wp\/v2\/types\/product"}],"wp:attachment":[{"href":"https:\/\/www.hirtenberg-apotheke.at\/katalog\/wp-json\/wp\/v2\/media?parent=44762"}],"wp:term":[{"taxonomy":"product_brand","embeddable":true,"href":"https:\/\/www.hirtenberg-apotheke.at\/katalog\/wp-json\/wp\/v2\/product_brand?post=44762"},{"taxonomy":"product_cat","embeddable":true,"href":"https:\/\/www.hirtenberg-apotheke.at\/katalog\/wp-json\/wp\/v2\/product_cat?post=44762"},{"taxonomy":"product_tag","embeddable":true,"href":"https:\/\/www.hirtenberg-apotheke.at\/katalog\/wp-json\/wp\/v2\/product_tag?post=44762"}],"curies":[{"name":"wp","href":"https:\/\/api.w.org\/{rel}","templated":true}]}}