{"id":44883,"date":"2025-11-26T09:45:01","date_gmt":"2025-11-26T08:45:01","guid":{"rendered":"https:\/\/www.hirtenberg-apotheke.at\/katalog\/produkt\/dermaplast-active-sporttape-375-cm-x-7-m-1-stk\/"},"modified":"2025-11-26T09:45:13","modified_gmt":"2025-11-26T08:45:13","slug":"dermaplast-active-sporttape-375-cm-x-7-m-1-stk","status":"publish","type":"product","link":"https:\/\/www.hirtenberg-apotheke.at\/katalog\/produkt\/dermaplast-active-sporttape-375-cm-x-7-m-1-stk\/","title":{"rendered":"DermaPlast ACTIVE Sporttape 3,75 cm x 7 m 1 Stk."},"content":{"rendered":"<p>DermaPlast\u00ae ACTIVE Sporttape 3,75 cm x 7 m 1 Stk. stabilisiert, fixiert und st\u00fctzt Bereiche, die beim Sport stark belastet werden. Das Sporttape ist besonders gut f\u00fcr die Stabilisation und Fixation der Gelenke beim Sport geeignet und ist sehr strapazierf\u00e4hig, zugfest und unelastisch<\/p>\n","protected":false},"excerpt":{"rendered":"<p>DermaPlast\u00ae ACTIVE Sporttape 3,75 cm x 7 m 1 Stk. stabilisiert, fixiert und st\u00fctzt Bereiche, die beim Sport stark belastet werden. Das Sporttape ist besonders gut f\u00fcr die Stabilisation und Fixation der Gelenke beim Sport geeignet und ist sehr strapazierf\u00e4hig, zugfest und unelastisch<\/p>\n","protected":false},"featured_media":0,"template":"","meta":{"_acf_changed":false},"product_brand":[],"product_cat":[295],"product_tag":[],"class_list":{"0":"post-44883","1":"product","2":"type-product","3":"status-publish","5":"product_cat-d","6":"pa_packungsgroesse-1-stueck","8":"first","9":"instock","10":"shipping-taxable","11":"purchasable","12":"product-type-simple"},"acf":[],"_links":{"self":[{"href":"https:\/\/www.hirtenberg-apotheke.at\/katalog\/wp-json\/wp\/v2\/product\/44883","targetHints":{"allow":["GET"]}}],"collection":[{"href":"https:\/\/www.hirtenberg-apotheke.at\/katalog\/wp-json\/wp\/v2\/product"}],"about":[{"href":"https:\/\/www.hirtenberg-apotheke.at\/katalog\/wp-json\/wp\/v2\/types\/product"}],"wp:attachment":[{"href":"https:\/\/www.hirtenberg-apotheke.at\/katalog\/wp-json\/wp\/v2\/media?parent=44883"}],"wp:term":[{"taxonomy":"product_brand","embeddable":true,"href":"https:\/\/www.hirtenberg-apotheke.at\/katalog\/wp-json\/wp\/v2\/product_brand?post=44883"},{"taxonomy":"product_cat","embeddable":true,"href":"https:\/\/www.hirtenberg-apotheke.at\/katalog\/wp-json\/wp\/v2\/product_cat?post=44883"},{"taxonomy":"product_tag","embeddable":true,"href":"https:\/\/www.hirtenberg-apotheke.at\/katalog\/wp-json\/wp\/v2\/product_tag?post=44883"}],"curies":[{"name":"wp","href":"https:\/\/api.w.org\/{rel}","templated":true}]}}