{"id":45476,"date":"2025-11-26T09:56:19","date_gmt":"2025-11-26T08:56:19","guid":{"rendered":"https:\/\/www.hirtenberg-apotheke.at\/katalog\/produkt\/irrigator-bas-komplex-1-liter-1-stk\/"},"modified":"2025-11-26T09:56:40","modified_gmt":"2025-11-26T08:56:40","slug":"irrigator-bas-komplex-1-liter-1-stk","status":"publish","type":"product","link":"https:\/\/www.hirtenberg-apotheke.at\/katalog\/produkt\/irrigator-bas-komplex-1-liter-1-stk\/","title":{"rendered":"Irrigator Bas Komplex 1 Liter 1 Stk."},"content":{"rendered":"<p>Irrigator Basu Komplex verf\u00fcgt \u00fcber ein Volumen von 1000 ml und eignet sich bestens f\u00fcr Sp\u00fclungen und Einl\u00e4ufe. Das Produkt ist komplett mit Gummischlauch sowie Absperrhahn, Mutterrohr und Klistierspitze zum Abschrauben ausgestattet. Zudem ist der Beh\u00e4lter auskochbar und hygienisch.<\/p>\n","protected":false},"excerpt":{"rendered":"<p>Irrigator Basu Komplex verf\u00fcgt \u00fcber ein Volumen von 1000 ml und eignet sich bestens f\u00fcr Sp\u00fclungen und Einl\u00e4ufe. Das Produkt ist komplett mit Gummischlauch sowie Absperrhahn, Mutterrohr und Klistierspitze zum Abschrauben ausgestattet. Zudem ist der Beh\u00e4lter auskochbar und hygienisch.<\/p>\n","protected":false},"featured_media":0,"template":"","meta":{"_acf_changed":false},"product_brand":[],"product_cat":[370],"product_tag":[],"class_list":{"0":"post-45476","1":"product","2":"type-product","3":"status-publish","5":"product_cat-i","6":"pa_packungsgroesse-1-stueck","8":"first","9":"instock","10":"shipping-taxable","11":"purchasable","12":"product-type-simple"},"acf":[],"_links":{"self":[{"href":"https:\/\/www.hirtenberg-apotheke.at\/katalog\/wp-json\/wp\/v2\/product\/45476","targetHints":{"allow":["GET"]}}],"collection":[{"href":"https:\/\/www.hirtenberg-apotheke.at\/katalog\/wp-json\/wp\/v2\/product"}],"about":[{"href":"https:\/\/www.hirtenberg-apotheke.at\/katalog\/wp-json\/wp\/v2\/types\/product"}],"wp:attachment":[{"href":"https:\/\/www.hirtenberg-apotheke.at\/katalog\/wp-json\/wp\/v2\/media?parent=45476"}],"wp:term":[{"taxonomy":"product_brand","embeddable":true,"href":"https:\/\/www.hirtenberg-apotheke.at\/katalog\/wp-json\/wp\/v2\/product_brand?post=45476"},{"taxonomy":"product_cat","embeddable":true,"href":"https:\/\/www.hirtenberg-apotheke.at\/katalog\/wp-json\/wp\/v2\/product_cat?post=45476"},{"taxonomy":"product_tag","embeddable":true,"href":"https:\/\/www.hirtenberg-apotheke.at\/katalog\/wp-json\/wp\/v2\/product_tag?post=45476"}],"curies":[{"name":"wp","href":"https:\/\/api.w.org\/{rel}","templated":true}]}}