{"id":45704,"date":"2025-11-26T10:00:51","date_gmt":"2025-11-26T09:00:51","guid":{"rendered":"https:\/\/www.hirtenberg-apotheke.at\/katalog\/produkt\/bioderma-sensibio-eye-15-ml\/"},"modified":"2025-11-26T10:01:21","modified_gmt":"2025-11-26T09:01:21","slug":"bioderma-sensibio-eye-15-ml","status":"publish","type":"product","link":"https:\/\/www.hirtenberg-apotheke.at\/katalog\/produkt\/bioderma-sensibio-eye-15-ml\/","title":{"rendered":"Bioderma Sensibio Eye 15 ml"},"content":{"rendered":"<p>Bioderma Sensibio Eye 15 ml ist eine Augenpflege bei gereizter und juckender Augenpartie. Wirkt effektiv gegen Schwellungen und Augenschatten. Mildert erste F\u00e4ltchen. Unterst\u00fctzend bei Lidekzemen geeignet. Das leichte Creme-Gel wirkt sofort k\u00fchlend und beruhigend. Die Hauttoleranz wird erh\u00f6ht. Ohne Konservierungsstoffe und ohne Duftstoffe.<\/p>\n","protected":false},"excerpt":{"rendered":"<p>Bioderma Sensibio Eye 15 ml ist eine Augenpflege bei gereizter und juckender Augenpartie. Wirkt effektiv gegen Schwellungen und Augenschatten. Mildert erste F\u00e4ltchen. Unterst\u00fctzend bei Lidekzemen geeignet. Das leichte Creme-Gel wirkt sofort k\u00fchlend und beruhigend. Die Hauttoleranz wird erh\u00f6ht. Ohne Konservierungsstoffe und ohne Duftstoffe.<\/p>\n","protected":false},"featured_media":45706,"template":"","meta":{"_acf_changed":false},"product_brand":[675],"product_cat":[292],"product_tag":[],"class_list":{"0":"post-45704","1":"product","2":"type-product","3":"status-publish","4":"has-post-thumbnail","6":"product_brand-bioderma","7":"product_cat-b","8":"pa_packungsgroesse-15ml","10":"first","11":"instock","12":"shipping-taxable","13":"purchasable","14":"product-type-simple"},"acf":[],"_links":{"self":[{"href":"https:\/\/www.hirtenberg-apotheke.at\/katalog\/wp-json\/wp\/v2\/product\/45704","targetHints":{"allow":["GET"]}}],"collection":[{"href":"https:\/\/www.hirtenberg-apotheke.at\/katalog\/wp-json\/wp\/v2\/product"}],"about":[{"href":"https:\/\/www.hirtenberg-apotheke.at\/katalog\/wp-json\/wp\/v2\/types\/product"}],"wp:featuredmedia":[{"embeddable":true,"href":"https:\/\/www.hirtenberg-apotheke.at\/katalog\/wp-json\/wp\/v2\/media\/45706"}],"wp:attachment":[{"href":"https:\/\/www.hirtenberg-apotheke.at\/katalog\/wp-json\/wp\/v2\/media?parent=45704"}],"wp:term":[{"taxonomy":"product_brand","embeddable":true,"href":"https:\/\/www.hirtenberg-apotheke.at\/katalog\/wp-json\/wp\/v2\/product_brand?post=45704"},{"taxonomy":"product_cat","embeddable":true,"href":"https:\/\/www.hirtenberg-apotheke.at\/katalog\/wp-json\/wp\/v2\/product_cat?post=45704"},{"taxonomy":"product_tag","embeddable":true,"href":"https:\/\/www.hirtenberg-apotheke.at\/katalog\/wp-json\/wp\/v2\/product_tag?post=45704"}],"curies":[{"name":"wp","href":"https:\/\/api.w.org\/{rel}","templated":true}]}}