{"id":46715,"date":"2025-11-26T11:13:52","date_gmt":"2025-11-26T10:13:52","guid":{"rendered":"https:\/\/www.hirtenberg-apotheke.at\/katalog\/produkt\/the-nutri-store-l-arginin-pulver-250-g\/"},"modified":"2025-11-26T11:14:18","modified_gmt":"2025-11-26T10:14:18","slug":"the-nutri-store-l-arginin-pulver-250-g","status":"publish","type":"product","link":"https:\/\/www.hirtenberg-apotheke.at\/katalog\/produkt\/the-nutri-store-l-arginin-pulver-250-g\/","title":{"rendered":"The Nutri Store L-Arginin Pulver 250 g"},"content":{"rendered":"<p>The Nutri Store L-Arginin Pulver enth\u00e4lt 500 mg reines L-Arginin. Verzehrsempfehlung: Verzehren Sie 2 mal t\u00e4glich 2 bis 3 Kapseln mit ausreichend Fl\u00fcssigkeit zu den Mahlzeiten. Die Anwendung sollte \u00fcber einen l\u00e4ngeren Zeitraum erfolgen.Die empfohlene Verzehrsmenge darf nicht \u00fcberschritten werden.<\/p>\n","protected":false},"excerpt":{"rendered":"<p>The Nutri Store L-Arginin Pulver enth\u00e4lt 500 mg reines L-Arginin. Verzehrsempfehlung: Verzehren Sie 2 mal t\u00e4glich 2 bis 3 Kapseln mit ausreichend Fl\u00fcssigkeit zu den Mahlzeiten. Die Anwendung sollte \u00fcber einen l\u00e4ngeren Zeitraum erfolgen.Die empfohlene Verzehrsmenge darf nicht \u00fcberschritten werden.<\/p>\n","protected":false},"featured_media":0,"template":"","meta":{"_acf_changed":false},"product_brand":[],"product_cat":[319],"product_tag":[],"class_list":{"0":"post-46715","1":"product","2":"type-product","3":"status-publish","5":"product_cat-t","6":"pa_packungsgroesse-250g","8":"first","9":"instock","10":"shipping-taxable","11":"purchasable","12":"product-type-simple"},"acf":[],"_links":{"self":[{"href":"https:\/\/www.hirtenberg-apotheke.at\/katalog\/wp-json\/wp\/v2\/product\/46715","targetHints":{"allow":["GET"]}}],"collection":[{"href":"https:\/\/www.hirtenberg-apotheke.at\/katalog\/wp-json\/wp\/v2\/product"}],"about":[{"href":"https:\/\/www.hirtenberg-apotheke.at\/katalog\/wp-json\/wp\/v2\/types\/product"}],"wp:attachment":[{"href":"https:\/\/www.hirtenberg-apotheke.at\/katalog\/wp-json\/wp\/v2\/media?parent=46715"}],"wp:term":[{"taxonomy":"product_brand","embeddable":true,"href":"https:\/\/www.hirtenberg-apotheke.at\/katalog\/wp-json\/wp\/v2\/product_brand?post=46715"},{"taxonomy":"product_cat","embeddable":true,"href":"https:\/\/www.hirtenberg-apotheke.at\/katalog\/wp-json\/wp\/v2\/product_cat?post=46715"},{"taxonomy":"product_tag","embeddable":true,"href":"https:\/\/www.hirtenberg-apotheke.at\/katalog\/wp-json\/wp\/v2\/product_tag?post=46715"}],"curies":[{"name":"wp","href":"https:\/\/api.w.org\/{rel}","templated":true}]}}