{"id":47466,"date":"2025-11-26T12:28:33","date_gmt":"2025-11-26T11:28:33","guid":{"rendered":"https:\/\/www.hirtenberg-apotheke.at\/katalog\/produkt\/abtei-5-kraeuter-bonbons\/"},"modified":"2025-11-26T12:28:55","modified_gmt":"2025-11-26T11:28:55","slug":"abtei-5-kraeuter-bonbons","status":"publish","type":"product","link":"https:\/\/www.hirtenberg-apotheke.at\/katalog\/produkt\/abtei-5-kraeuter-bonbons\/","title":{"rendered":"ABTEI 5-KRAEUTER Bonbons"},"content":{"rendered":"<p>Abtei 5-Kr\u00e4uter Bonbons wirken mit f\u00fcnf wertvollen Kr\u00e4utern und Vitamin C den Symptomen von Husten und Heiserkeit entgegen. Die enthaltenen \u00e4therischen \u00d6le geben ihnen einen angenehm frischen Geschmack und lindern Kratzen und Brennen im Hals. Au\u00dferdem wird die nat\u00fcrlichen Abwehrkraft dank der Inhaltsstoffe Salbei, Kamille, Thymian, Pfefferminze und Eibisch gest\u00e4rkt  Perfekt vorbereitet in die Erk\u00e4ltungszeit..<\/p>\n","protected":false},"excerpt":{"rendered":"<p>Abtei 5-Kr\u00e4uter Bonbons wirken mit f\u00fcnf wertvollen Kr\u00e4utern und Vitamin C den Symptomen von Husten und Heiserkeit entgegen. Die enthaltenen \u00e4therischen \u00d6le geben ihnen einen angenehm frischen Geschmack und lindern Kratzen und Brennen im Hals. Au\u00dferdem wird die nat\u00fcrlichen Abwehrkraft dank der Inhaltsstoffe Salbei, Kamille, Thymian, Pfefferminze und Eibisch gest\u00e4rkt Perfekt vorbereitet in die Erk\u00e4ltungszeit..<\/p>\n","protected":false},"featured_media":0,"template":"","meta":{"_acf_changed":false},"product_brand":[464],"product_cat":[299],"product_tag":[],"class_list":{"0":"post-47466","1":"product","2":"type-product","3":"status-publish","5":"product_brand-abtei","6":"product_cat-a","7":"pa_packungsgroesse-16-stueck","9":"first","10":"instock","11":"shipping-taxable","12":"purchasable","13":"product-type-simple"},"acf":[],"_links":{"self":[{"href":"https:\/\/www.hirtenberg-apotheke.at\/katalog\/wp-json\/wp\/v2\/product\/47466","targetHints":{"allow":["GET"]}}],"collection":[{"href":"https:\/\/www.hirtenberg-apotheke.at\/katalog\/wp-json\/wp\/v2\/product"}],"about":[{"href":"https:\/\/www.hirtenberg-apotheke.at\/katalog\/wp-json\/wp\/v2\/types\/product"}],"wp:attachment":[{"href":"https:\/\/www.hirtenberg-apotheke.at\/katalog\/wp-json\/wp\/v2\/media?parent=47466"}],"wp:term":[{"taxonomy":"product_brand","embeddable":true,"href":"https:\/\/www.hirtenberg-apotheke.at\/katalog\/wp-json\/wp\/v2\/product_brand?post=47466"},{"taxonomy":"product_cat","embeddable":true,"href":"https:\/\/www.hirtenberg-apotheke.at\/katalog\/wp-json\/wp\/v2\/product_cat?post=47466"},{"taxonomy":"product_tag","embeddable":true,"href":"https:\/\/www.hirtenberg-apotheke.at\/katalog\/wp-json\/wp\/v2\/product_tag?post=47466"}],"curies":[{"name":"wp","href":"https:\/\/api.w.org\/{rel}","templated":true}]}}